{"id":2090,"date":"2024-02-07T18:20:49","date_gmt":"2024-02-07T18:20:49","guid":{"rendered":"https:\/\/sublimationsoinsexperts.com\/?post_type=product&#038;p=2090"},"modified":"2024-04-22T21:59:48","modified_gmt":"2024-04-22T20:59:48","slug":"blouse-de-protection-viruguard-jaune","status":"publish","type":"product","link":"https:\/\/sublimationsoinsexperts.com\/index.php\/product\/blouse-de-protection-viruguard-jaune\/","title":{"rendered":"BLOUSE DE PROTECTION VIRUGUARD, JAUNE"},"content":{"rendered":"<div class=\"article_short_description\">Sachet de 10<\/div>\n<div class=\"article_picto_primary\"><\/div>\n<div class=\"article_long_description\">\n<p>\u2022 Blouse d&rsquo;isolation \/ de protection, non st\u00e9rile avec couche de s\u00e9curit\u00e9 \u00e0 l&rsquo;avant et au bras.<br \/>\n\u2022 Poignets en coton<br \/>\n\u2022 R\u00e9siste au virus, au liquide et au sang.<br \/>\n\u2022 Zone arri\u00e8re respirante.<br \/>\n\u2022 Grande mobilit\u00e9 gr\u00e2ce \u00e0 la coupe g\u00e9n\u00e9reuse.<br \/>\n\u2022 Sans latex.<br \/>\n\u2022 St\u00e9rilisable \u00e0 l&rsquo;oxyde d&rsquo;\u00e9thyl\u00e8ne et aux radiations.<br \/>\n\u2022 Pour le secteur des soins et de l&rsquo;hygi\u00e8ne, pour toutes les applications \u00e0 haute exigence de s\u00e9curit\u00e9<br \/>\n\u2022 Prot\u00e8ge contre la transmission de germes et \u00e9galement valable comme protection contre le SARM.<br \/>\n\u2022 Mati\u00e8res:<br \/>\n&#8211; Zone avant et bras: polypropyl\u00e8ne non tiss\u00e9 avec rev\u00eatement en poly\u00e9thyl\u00e8ne (30 g \/ m\u00b2)<br \/>\n&#8211; Zone arri\u00e8re: polypropyl\u00e8ne non tiss\u00e9<\/p>\n<\/div>\n<p>REF 326.020<\/p>\n","protected":false},"excerpt":{"rendered":"<p>Sachet de 10 \u2022 Blouse d&rsquo;isolation \/ de protection, non st\u00e9rile avec couche de s\u00e9curit\u00e9 \u00e0 l&rsquo;avant et au bras. \u2022 Poignets en coton \u2022 R\u00e9siste au virus, au liquide et au sang. \u2022 Zone arri\u00e8re respirante. \u2022 Grande mobilit\u00e9 gr\u00e2ce \u00e0 la coupe g\u00e9n\u00e9reuse. \u2022 Sans latex. \u2022 St\u00e9rilisable \u00e0 l&rsquo;oxyde d&rsquo;\u00e9thyl\u00e8ne et aux [&hellip;]<\/p>\n","protected":false},"featured_media":2091,"comment_status":"open","ping_status":"closed","template":"","meta":[],"product_brand":[],"product_cat":[73,21],"product_tag":[],"class_list":{"0":"post-2090","1":"product","2":"type-product","3":"status-publish","4":"has-post-thumbnail","6":"product_cat-blouse-et-tabliers","7":"product_cat-protection-du-soignant","9":"first","10":"instock","11":"shipping-taxable","12":"purchasable","13":"product-type-simple"},"yoast_head":"<!-- This site is optimized with the Yoast SEO plugin v27.5 - https:\/\/yoast.com\/product\/yoast-seo-wordpress\/ -->\n<title>BLOUSE DE PROTECTION VIRUGUARD, JAUNE - Sublimation soins experts<\/title>\n<meta name=\"robots\" content=\"index, follow, max-snippet:-1, max-image-preview:large, max-video-preview:-1\" \/>\n<link rel=\"canonical\" href=\"https:\/\/sublimationsoinsexperts.com\/index.php\/product\/blouse-de-protection-viruguard-jaune\/\" \/>\n<meta property=\"og:locale\" content=\"fr_FR\" \/>\n<meta property=\"og:type\" content=\"article\" \/>\n<meta property=\"og:title\" content=\"BLOUSE DE PROTECTION VIRUGUARD, JAUNE - Sublimation soins experts\" \/>\n<meta property=\"og:description\" content=\"Sachet de 10 \u2022 Blouse d&rsquo;isolation \/ de protection, non st\u00e9rile avec couche de s\u00e9curit\u00e9 \u00e0 l&rsquo;avant et au bras. \u2022 Poignets en coton \u2022 R\u00e9siste au virus, au liquide et au sang. \u2022 Zone arri\u00e8re respirante. \u2022 Grande mobilit\u00e9 gr\u00e2ce \u00e0 la coupe g\u00e9n\u00e9reuse. \u2022 Sans latex. \u2022 St\u00e9rilisable \u00e0 l&rsquo;oxyde d&rsquo;\u00e9thyl\u00e8ne et aux [&hellip;]\" \/>\n<meta property=\"og:url\" content=\"https:\/\/sublimationsoinsexperts.com\/index.php\/product\/blouse-de-protection-viruguard-jaune\/\" \/>\n<meta property=\"og:site_name\" content=\"Sublimation soins experts\" \/>\n<meta property=\"article:modified_time\" content=\"2024-04-22T20:59:48+00:00\" \/>\n<meta property=\"og:image\" content=\"http:\/\/sublimationsoinsexperts.com\/wp-content\/uploads\/2024\/02\/326.020_1-BLOUSE-DE-PROTECTION-VIRUGUARD-JAUNE.jpg\" \/>\n\t<meta property=\"og:image:width\" content=\"400\" \/>\n\t<meta property=\"og:image:height\" content=\"400\" \/>\n\t<meta property=\"og:image:type\" content=\"image\/jpeg\" \/>\n<meta name=\"twitter:card\" content=\"summary_large_image\" \/>\n<meta name=\"twitter:label1\" content=\"Dur\u00e9e de lecture estim\u00e9e\" \/>\n\t<meta name=\"twitter:data1\" content=\"1 minute\" \/>\n<script type=\"application\/ld+json\" class=\"yoast-schema-graph\">{\"@context\":\"https:\\\/\\\/schema.org\",\"@graph\":[{\"@type\":\"WebPage\",\"@id\":\"https:\\\/\\\/sublimationsoinsexperts.com\\\/index.php\\\/product\\\/blouse-de-protection-viruguard-jaune\\\/\",\"url\":\"https:\\\/\\\/sublimationsoinsexperts.com\\\/index.php\\\/product\\\/blouse-de-protection-viruguard-jaune\\\/\",\"name\":\"BLOUSE DE PROTECTION VIRUGUARD, JAUNE - Sublimation soins experts\",\"isPartOf\":{\"@id\":\"https:\\\/\\\/sublimationsoinsexperts.com\\\/#website\"},\"primaryImageOfPage\":{\"@id\":\"https:\\\/\\\/sublimationsoinsexperts.com\\\/index.php\\\/product\\\/blouse-de-protection-viruguard-jaune\\\/#primaryimage\"},\"image\":{\"@id\":\"https:\\\/\\\/sublimationsoinsexperts.com\\\/index.php\\\/product\\\/blouse-de-protection-viruguard-jaune\\\/#primaryimage\"},\"thumbnailUrl\":\"https:\\\/\\\/sublimationsoinsexperts.com\\\/wp-content\\\/uploads\\\/2024\\\/02\\\/326.020_1-BLOUSE-DE-PROTECTION-VIRUGUARD-JAUNE.jpg\",\"datePublished\":\"2024-02-07T18:20:49+00:00\",\"dateModified\":\"2024-04-22T20:59:48+00:00\",\"breadcrumb\":{\"@id\":\"https:\\\/\\\/sublimationsoinsexperts.com\\\/index.php\\\/product\\\/blouse-de-protection-viruguard-jaune\\\/#breadcrumb\"},\"inLanguage\":\"fr-FR\",\"potentialAction\":[{\"@type\":\"ReadAction\",\"target\":[\"https:\\\/\\\/sublimationsoinsexperts.com\\\/index.php\\\/product\\\/blouse-de-protection-viruguard-jaune\\\/\"]}]},{\"@type\":\"ImageObject\",\"inLanguage\":\"fr-FR\",\"@id\":\"https:\\\/\\\/sublimationsoinsexperts.com\\\/index.php\\\/product\\\/blouse-de-protection-viruguard-jaune\\\/#primaryimage\",\"url\":\"https:\\\/\\\/sublimationsoinsexperts.com\\\/wp-content\\\/uploads\\\/2024\\\/02\\\/326.020_1-BLOUSE-DE-PROTECTION-VIRUGUARD-JAUNE.jpg\",\"contentUrl\":\"https:\\\/\\\/sublimationsoinsexperts.com\\\/wp-content\\\/uploads\\\/2024\\\/02\\\/326.020_1-BLOUSE-DE-PROTECTION-VIRUGUARD-JAUNE.jpg\",\"width\":400,\"height\":400},{\"@type\":\"BreadcrumbList\",\"@id\":\"https:\\\/\\\/sublimationsoinsexperts.com\\\/index.php\\\/product\\\/blouse-de-protection-viruguard-jaune\\\/#breadcrumb\",\"itemListElement\":[{\"@type\":\"ListItem\",\"position\":1,\"name\":\"Accueil\",\"item\":\"https:\\\/\\\/sublimationsoinsexperts.com\\\/\"},{\"@type\":\"ListItem\",\"position\":2,\"name\":\"Shop\",\"item\":\"https:\\\/\\\/sublimationsoinsexperts.com\\\/index.php\\\/shop\\\/\"},{\"@type\":\"ListItem\",\"position\":3,\"name\":\"BLOUSE DE PROTECTION VIRUGUARD, JAUNE\"}]},{\"@type\":\"WebSite\",\"@id\":\"https:\\\/\\\/sublimationsoinsexperts.com\\\/#website\",\"url\":\"https:\\\/\\\/sublimationsoinsexperts.com\\\/\",\"name\":\"Sublimation soins experts\",\"description\":\"\",\"potentialAction\":[{\"@type\":\"SearchAction\",\"target\":{\"@type\":\"EntryPoint\",\"urlTemplate\":\"https:\\\/\\\/sublimationsoinsexperts.com\\\/?s={search_term_string}\"},\"query-input\":{\"@type\":\"PropertyValueSpecification\",\"valueRequired\":true,\"valueName\":\"search_term_string\"}}],\"inLanguage\":\"fr-FR\"}]}<\/script>\n<!-- \/ Yoast SEO plugin. -->","yoast_head_json":{"title":"BLOUSE DE PROTECTION VIRUGUARD, JAUNE - Sublimation soins experts","robots":{"index":"index","follow":"follow","max-snippet":"max-snippet:-1","max-image-preview":"max-image-preview:large","max-video-preview":"max-video-preview:-1"},"canonical":"https:\/\/sublimationsoinsexperts.com\/index.php\/product\/blouse-de-protection-viruguard-jaune\/","og_locale":"fr_FR","og_type":"article","og_title":"BLOUSE DE PROTECTION VIRUGUARD, JAUNE - Sublimation soins experts","og_description":"Sachet de 10 \u2022 Blouse d&rsquo;isolation \/ de protection, non st\u00e9rile avec couche de s\u00e9curit\u00e9 \u00e0 l&rsquo;avant et au bras. \u2022 Poignets en coton \u2022 R\u00e9siste au virus, au liquide et au sang. \u2022 Zone arri\u00e8re respirante. \u2022 Grande mobilit\u00e9 gr\u00e2ce \u00e0 la coupe g\u00e9n\u00e9reuse. \u2022 Sans latex. \u2022 St\u00e9rilisable \u00e0 l&rsquo;oxyde d&rsquo;\u00e9thyl\u00e8ne et aux [&hellip;]","og_url":"https:\/\/sublimationsoinsexperts.com\/index.php\/product\/blouse-de-protection-viruguard-jaune\/","og_site_name":"Sublimation soins experts","article_modified_time":"2024-04-22T20:59:48+00:00","og_image":[{"width":400,"height":400,"url":"http:\/\/sublimationsoinsexperts.com\/wp-content\/uploads\/2024\/02\/326.020_1-BLOUSE-DE-PROTECTION-VIRUGUARD-JAUNE.jpg","type":"image\/jpeg"}],"twitter_card":"summary_large_image","twitter_misc":{"Dur\u00e9e de lecture estim\u00e9e":"1 minute"},"schema":{"@context":"https:\/\/schema.org","@graph":[{"@type":"WebPage","@id":"https:\/\/sublimationsoinsexperts.com\/index.php\/product\/blouse-de-protection-viruguard-jaune\/","url":"https:\/\/sublimationsoinsexperts.com\/index.php\/product\/blouse-de-protection-viruguard-jaune\/","name":"BLOUSE DE PROTECTION VIRUGUARD, JAUNE - Sublimation soins experts","isPartOf":{"@id":"https:\/\/sublimationsoinsexperts.com\/#website"},"primaryImageOfPage":{"@id":"https:\/\/sublimationsoinsexperts.com\/index.php\/product\/blouse-de-protection-viruguard-jaune\/#primaryimage"},"image":{"@id":"https:\/\/sublimationsoinsexperts.com\/index.php\/product\/blouse-de-protection-viruguard-jaune\/#primaryimage"},"thumbnailUrl":"https:\/\/sublimationsoinsexperts.com\/wp-content\/uploads\/2024\/02\/326.020_1-BLOUSE-DE-PROTECTION-VIRUGUARD-JAUNE.jpg","datePublished":"2024-02-07T18:20:49+00:00","dateModified":"2024-04-22T20:59:48+00:00","breadcrumb":{"@id":"https:\/\/sublimationsoinsexperts.com\/index.php\/product\/blouse-de-protection-viruguard-jaune\/#breadcrumb"},"inLanguage":"fr-FR","potentialAction":[{"@type":"ReadAction","target":["https:\/\/sublimationsoinsexperts.com\/index.php\/product\/blouse-de-protection-viruguard-jaune\/"]}]},{"@type":"ImageObject","inLanguage":"fr-FR","@id":"https:\/\/sublimationsoinsexperts.com\/index.php\/product\/blouse-de-protection-viruguard-jaune\/#primaryimage","url":"https:\/\/sublimationsoinsexperts.com\/wp-content\/uploads\/2024\/02\/326.020_1-BLOUSE-DE-PROTECTION-VIRUGUARD-JAUNE.jpg","contentUrl":"https:\/\/sublimationsoinsexperts.com\/wp-content\/uploads\/2024\/02\/326.020_1-BLOUSE-DE-PROTECTION-VIRUGUARD-JAUNE.jpg","width":400,"height":400},{"@type":"BreadcrumbList","@id":"https:\/\/sublimationsoinsexperts.com\/index.php\/product\/blouse-de-protection-viruguard-jaune\/#breadcrumb","itemListElement":[{"@type":"ListItem","position":1,"name":"Accueil","item":"https:\/\/sublimationsoinsexperts.com\/"},{"@type":"ListItem","position":2,"name":"Shop","item":"https:\/\/sublimationsoinsexperts.com\/index.php\/shop\/"},{"@type":"ListItem","position":3,"name":"BLOUSE DE PROTECTION VIRUGUARD, JAUNE"}]},{"@type":"WebSite","@id":"https:\/\/sublimationsoinsexperts.com\/#website","url":"https:\/\/sublimationsoinsexperts.com\/","name":"Sublimation soins experts","description":"","potentialAction":[{"@type":"SearchAction","target":{"@type":"EntryPoint","urlTemplate":"https:\/\/sublimationsoinsexperts.com\/?s={search_term_string}"},"query-input":{"@type":"PropertyValueSpecification","valueRequired":true,"valueName":"search_term_string"}}],"inLanguage":"fr-FR"}]}},"_links":{"self":[{"href":"https:\/\/sublimationsoinsexperts.com\/index.php\/wp-json\/wp\/v2\/product\/2090","targetHints":{"allow":["GET"]}}],"collection":[{"href":"https:\/\/sublimationsoinsexperts.com\/index.php\/wp-json\/wp\/v2\/product"}],"about":[{"href":"https:\/\/sublimationsoinsexperts.com\/index.php\/wp-json\/wp\/v2\/types\/product"}],"replies":[{"embeddable":true,"href":"https:\/\/sublimationsoinsexperts.com\/index.php\/wp-json\/wp\/v2\/comments?post=2090"}],"wp:featuredmedia":[{"embeddable":true,"href":"https:\/\/sublimationsoinsexperts.com\/index.php\/wp-json\/wp\/v2\/media\/2091"}],"wp:attachment":[{"href":"https:\/\/sublimationsoinsexperts.com\/index.php\/wp-json\/wp\/v2\/media?parent=2090"}],"wp:term":[{"taxonomy":"product_brand","embeddable":true,"href":"https:\/\/sublimationsoinsexperts.com\/index.php\/wp-json\/wp\/v2\/product_brand?post=2090"},{"taxonomy":"product_cat","embeddable":true,"href":"https:\/\/sublimationsoinsexperts.com\/index.php\/wp-json\/wp\/v2\/product_cat?post=2090"},{"taxonomy":"product_tag","embeddable":true,"href":"https:\/\/sublimationsoinsexperts.com\/index.php\/wp-json\/wp\/v2\/product_tag?post=2090"}],"curies":[{"name":"wp","href":"https:\/\/api.w.org\/{rel}","templated":true}]}}