{"id":2596,"date":"2024-03-26T20:03:04","date_gmt":"2024-03-26T20:03:04","guid":{"rendered":"https:\/\/sublimationsoinsexperts.com\/?post_type=product&#038;p=2596"},"modified":"2024-03-26T20:05:21","modified_gmt":"2024-03-26T20:05:21","slug":"toile-de-glisse-tubulaire-de-repositionnement-4-directions","status":"publish","type":"product","link":"https:\/\/sublimationsoinsexperts.com\/index.php\/product\/toile-de-glisse-tubulaire-de-repositionnement-4-directions\/","title":{"rendered":"Toile de glisse tubulaire de repositionnement \/ 4 directions"},"content":{"rendered":"<p>\u2022 Dimensions : 80 x 190 cm<br \/>\n\u2022 Coloris : Bleu<br \/>\n\u2022 Il est pr\u00e9vu pour se placer dans le lit, sous le patient.<br \/>\n\u2022 Il aide le soignant dans ses t\u00e2ches de repositionnement gr\u00e2ce au rev\u00eatement int\u00e9rieur de glisse.<br \/>\n\u2022 Il permet \u00e9galement au patient de changer lui-m\u00eame de position avec moins d\u2019efforts et donc diminue le risque d\u2019escarres.<br \/>\n\u2022 La mati\u00e8re du matelas sp\u00e9cialement \u00e9tudi\u00e9e \u00ab\u00a0soft-touch\u00a0\u00bb apporte du confort.<br \/>\n\u2022 Le matelas peut rester en place aussi longtemps que n\u00e9cessaire.<\/p>\n<p>&nbsp;<\/p>\n<p>REF GOHY 742.360<\/p>\n","protected":false},"excerpt":{"rendered":"<p>\u2022 Dimensions : 80 x 190 cm \u2022 Coloris : Bleu \u2022 Il est pr\u00e9vu pour se placer dans le lit, sous le patient. \u2022 Il aide le soignant dans ses t\u00e2ches de repositionnement gr\u00e2ce au rev\u00eatement int\u00e9rieur de glisse. \u2022 Il permet \u00e9galement au patient de changer lui-m\u00eame de position avec moins d\u2019efforts et [&hellip;]<\/p>\n","protected":false},"featured_media":2597,"comment_status":"open","ping_status":"closed","template":"","meta":[],"product_brand":[],"product_cat":[46,69],"product_tag":[],"class_list":{"0":"post-2596","1":"product","2":"type-product","3":"status-publish","4":"has-post-thumbnail","6":"product_cat-aide-au-quotidien","7":"product_cat-aide-au-transfert","9":"first","10":"instock","11":"shipping-taxable","12":"purchasable","13":"product-type-simple"},"yoast_head":"<!-- This site is optimized with the Yoast SEO plugin v27.3 - https:\/\/yoast.com\/product\/yoast-seo-wordpress\/ -->\n<title>Toile de glisse tubulaire de repositionnement \/ 4 directions - Sublimation soins experts<\/title>\n<meta name=\"robots\" content=\"index, follow, max-snippet:-1, max-image-preview:large, max-video-preview:-1\" \/>\n<link rel=\"canonical\" href=\"https:\/\/sublimationsoinsexperts.com\/index.php\/product\/toile-de-glisse-tubulaire-de-repositionnement-4-directions\/\" \/>\n<meta property=\"og:locale\" content=\"fr_FR\" \/>\n<meta property=\"og:type\" content=\"article\" \/>\n<meta property=\"og:title\" content=\"Toile de glisse tubulaire de repositionnement \/ 4 directions - Sublimation soins experts\" \/>\n<meta property=\"og:description\" content=\"\u2022 Dimensions : 80 x 190 cm \u2022 Coloris : Bleu \u2022 Il est pr\u00e9vu pour se placer dans le lit, sous le patient. \u2022 Il aide le soignant dans ses t\u00e2ches de repositionnement gr\u00e2ce au rev\u00eatement int\u00e9rieur de glisse. \u2022 Il permet \u00e9galement au patient de changer lui-m\u00eame de position avec moins d\u2019efforts et [&hellip;]\" \/>\n<meta property=\"og:url\" content=\"https:\/\/sublimationsoinsexperts.com\/index.php\/product\/toile-de-glisse-tubulaire-de-repositionnement-4-directions\/\" \/>\n<meta property=\"og:site_name\" content=\"Sublimation soins experts\" \/>\n<meta property=\"article:modified_time\" content=\"2024-03-26T20:05:21+00:00\" \/>\n<meta property=\"og:image\" content=\"http:\/\/sublimationsoinsexperts.com\/wp-content\/uploads\/2024\/03\/742.360_Toile-de-glisse-tubulaire-de-repositionnement.jpg\" \/>\n\t<meta property=\"og:image:width\" content=\"400\" \/>\n\t<meta property=\"og:image:height\" content=\"266\" \/>\n\t<meta property=\"og:image:type\" content=\"image\/jpeg\" \/>\n<meta name=\"twitter:card\" content=\"summary_large_image\" \/>\n<meta name=\"twitter:label1\" content=\"Dur\u00e9e de lecture estim\u00e9e\" \/>\n\t<meta name=\"twitter:data1\" content=\"1 minute\" \/>\n<script type=\"application\/ld+json\" class=\"yoast-schema-graph\">{\"@context\":\"https:\\\/\\\/schema.org\",\"@graph\":[{\"@type\":\"WebPage\",\"@id\":\"https:\\\/\\\/sublimationsoinsexperts.com\\\/index.php\\\/product\\\/toile-de-glisse-tubulaire-de-repositionnement-4-directions\\\/\",\"url\":\"https:\\\/\\\/sublimationsoinsexperts.com\\\/index.php\\\/product\\\/toile-de-glisse-tubulaire-de-repositionnement-4-directions\\\/\",\"name\":\"Toile de glisse tubulaire de repositionnement \\\/ 4 directions - Sublimation soins experts\",\"isPartOf\":{\"@id\":\"https:\\\/\\\/sublimationsoinsexperts.com\\\/#website\"},\"primaryImageOfPage\":{\"@id\":\"https:\\\/\\\/sublimationsoinsexperts.com\\\/index.php\\\/product\\\/toile-de-glisse-tubulaire-de-repositionnement-4-directions\\\/#primaryimage\"},\"image\":{\"@id\":\"https:\\\/\\\/sublimationsoinsexperts.com\\\/index.php\\\/product\\\/toile-de-glisse-tubulaire-de-repositionnement-4-directions\\\/#primaryimage\"},\"thumbnailUrl\":\"https:\\\/\\\/sublimationsoinsexperts.com\\\/wp-content\\\/uploads\\\/2024\\\/03\\\/742.360_Toile-de-glisse-tubulaire-de-repositionnement.jpg\",\"datePublished\":\"2024-03-26T20:03:04+00:00\",\"dateModified\":\"2024-03-26T20:05:21+00:00\",\"breadcrumb\":{\"@id\":\"https:\\\/\\\/sublimationsoinsexperts.com\\\/index.php\\\/product\\\/toile-de-glisse-tubulaire-de-repositionnement-4-directions\\\/#breadcrumb\"},\"inLanguage\":\"fr-FR\",\"potentialAction\":[{\"@type\":\"ReadAction\",\"target\":[\"https:\\\/\\\/sublimationsoinsexperts.com\\\/index.php\\\/product\\\/toile-de-glisse-tubulaire-de-repositionnement-4-directions\\\/\"]}]},{\"@type\":\"ImageObject\",\"inLanguage\":\"fr-FR\",\"@id\":\"https:\\\/\\\/sublimationsoinsexperts.com\\\/index.php\\\/product\\\/toile-de-glisse-tubulaire-de-repositionnement-4-directions\\\/#primaryimage\",\"url\":\"https:\\\/\\\/sublimationsoinsexperts.com\\\/wp-content\\\/uploads\\\/2024\\\/03\\\/742.360_Toile-de-glisse-tubulaire-de-repositionnement.jpg\",\"contentUrl\":\"https:\\\/\\\/sublimationsoinsexperts.com\\\/wp-content\\\/uploads\\\/2024\\\/03\\\/742.360_Toile-de-glisse-tubulaire-de-repositionnement.jpg\",\"width\":400,\"height\":266},{\"@type\":\"BreadcrumbList\",\"@id\":\"https:\\\/\\\/sublimationsoinsexperts.com\\\/index.php\\\/product\\\/toile-de-glisse-tubulaire-de-repositionnement-4-directions\\\/#breadcrumb\",\"itemListElement\":[{\"@type\":\"ListItem\",\"position\":1,\"name\":\"Accueil\",\"item\":\"https:\\\/\\\/sublimationsoinsexperts.com\\\/\"},{\"@type\":\"ListItem\",\"position\":2,\"name\":\"Shop\",\"item\":\"https:\\\/\\\/sublimationsoinsexperts.com\\\/index.php\\\/shop\\\/\"},{\"@type\":\"ListItem\",\"position\":3,\"name\":\"Toile de glisse tubulaire de repositionnement \\\/ 4 directions\"}]},{\"@type\":\"WebSite\",\"@id\":\"https:\\\/\\\/sublimationsoinsexperts.com\\\/#website\",\"url\":\"https:\\\/\\\/sublimationsoinsexperts.com\\\/\",\"name\":\"Sublimation soins experts\",\"description\":\"\",\"potentialAction\":[{\"@type\":\"SearchAction\",\"target\":{\"@type\":\"EntryPoint\",\"urlTemplate\":\"https:\\\/\\\/sublimationsoinsexperts.com\\\/?s={search_term_string}\"},\"query-input\":{\"@type\":\"PropertyValueSpecification\",\"valueRequired\":true,\"valueName\":\"search_term_string\"}}],\"inLanguage\":\"fr-FR\"}]}<\/script>\n<!-- \/ Yoast SEO plugin. -->","yoast_head_json":{"title":"Toile de glisse tubulaire de repositionnement \/ 4 directions - Sublimation soins experts","robots":{"index":"index","follow":"follow","max-snippet":"max-snippet:-1","max-image-preview":"max-image-preview:large","max-video-preview":"max-video-preview:-1"},"canonical":"https:\/\/sublimationsoinsexperts.com\/index.php\/product\/toile-de-glisse-tubulaire-de-repositionnement-4-directions\/","og_locale":"fr_FR","og_type":"article","og_title":"Toile de glisse tubulaire de repositionnement \/ 4 directions - Sublimation soins experts","og_description":"\u2022 Dimensions : 80 x 190 cm \u2022 Coloris : Bleu \u2022 Il est pr\u00e9vu pour se placer dans le lit, sous le patient. \u2022 Il aide le soignant dans ses t\u00e2ches de repositionnement gr\u00e2ce au rev\u00eatement int\u00e9rieur de glisse. \u2022 Il permet \u00e9galement au patient de changer lui-m\u00eame de position avec moins d\u2019efforts et [&hellip;]","og_url":"https:\/\/sublimationsoinsexperts.com\/index.php\/product\/toile-de-glisse-tubulaire-de-repositionnement-4-directions\/","og_site_name":"Sublimation soins experts","article_modified_time":"2024-03-26T20:05:21+00:00","og_image":[{"width":400,"height":266,"url":"http:\/\/sublimationsoinsexperts.com\/wp-content\/uploads\/2024\/03\/742.360_Toile-de-glisse-tubulaire-de-repositionnement.jpg","type":"image\/jpeg"}],"twitter_card":"summary_large_image","twitter_misc":{"Dur\u00e9e de lecture estim\u00e9e":"1 minute"},"schema":{"@context":"https:\/\/schema.org","@graph":[{"@type":"WebPage","@id":"https:\/\/sublimationsoinsexperts.com\/index.php\/product\/toile-de-glisse-tubulaire-de-repositionnement-4-directions\/","url":"https:\/\/sublimationsoinsexperts.com\/index.php\/product\/toile-de-glisse-tubulaire-de-repositionnement-4-directions\/","name":"Toile de glisse tubulaire de repositionnement \/ 4 directions - Sublimation soins experts","isPartOf":{"@id":"https:\/\/sublimationsoinsexperts.com\/#website"},"primaryImageOfPage":{"@id":"https:\/\/sublimationsoinsexperts.com\/index.php\/product\/toile-de-glisse-tubulaire-de-repositionnement-4-directions\/#primaryimage"},"image":{"@id":"https:\/\/sublimationsoinsexperts.com\/index.php\/product\/toile-de-glisse-tubulaire-de-repositionnement-4-directions\/#primaryimage"},"thumbnailUrl":"https:\/\/sublimationsoinsexperts.com\/wp-content\/uploads\/2024\/03\/742.360_Toile-de-glisse-tubulaire-de-repositionnement.jpg","datePublished":"2024-03-26T20:03:04+00:00","dateModified":"2024-03-26T20:05:21+00:00","breadcrumb":{"@id":"https:\/\/sublimationsoinsexperts.com\/index.php\/product\/toile-de-glisse-tubulaire-de-repositionnement-4-directions\/#breadcrumb"},"inLanguage":"fr-FR","potentialAction":[{"@type":"ReadAction","target":["https:\/\/sublimationsoinsexperts.com\/index.php\/product\/toile-de-glisse-tubulaire-de-repositionnement-4-directions\/"]}]},{"@type":"ImageObject","inLanguage":"fr-FR","@id":"https:\/\/sublimationsoinsexperts.com\/index.php\/product\/toile-de-glisse-tubulaire-de-repositionnement-4-directions\/#primaryimage","url":"https:\/\/sublimationsoinsexperts.com\/wp-content\/uploads\/2024\/03\/742.360_Toile-de-glisse-tubulaire-de-repositionnement.jpg","contentUrl":"https:\/\/sublimationsoinsexperts.com\/wp-content\/uploads\/2024\/03\/742.360_Toile-de-glisse-tubulaire-de-repositionnement.jpg","width":400,"height":266},{"@type":"BreadcrumbList","@id":"https:\/\/sublimationsoinsexperts.com\/index.php\/product\/toile-de-glisse-tubulaire-de-repositionnement-4-directions\/#breadcrumb","itemListElement":[{"@type":"ListItem","position":1,"name":"Accueil","item":"https:\/\/sublimationsoinsexperts.com\/"},{"@type":"ListItem","position":2,"name":"Shop","item":"https:\/\/sublimationsoinsexperts.com\/index.php\/shop\/"},{"@type":"ListItem","position":3,"name":"Toile de glisse tubulaire de repositionnement \/ 4 directions"}]},{"@type":"WebSite","@id":"https:\/\/sublimationsoinsexperts.com\/#website","url":"https:\/\/sublimationsoinsexperts.com\/","name":"Sublimation soins experts","description":"","potentialAction":[{"@type":"SearchAction","target":{"@type":"EntryPoint","urlTemplate":"https:\/\/sublimationsoinsexperts.com\/?s={search_term_string}"},"query-input":{"@type":"PropertyValueSpecification","valueRequired":true,"valueName":"search_term_string"}}],"inLanguage":"fr-FR"}]}},"_links":{"self":[{"href":"https:\/\/sublimationsoinsexperts.com\/index.php\/wp-json\/wp\/v2\/product\/2596","targetHints":{"allow":["GET"]}}],"collection":[{"href":"https:\/\/sublimationsoinsexperts.com\/index.php\/wp-json\/wp\/v2\/product"}],"about":[{"href":"https:\/\/sublimationsoinsexperts.com\/index.php\/wp-json\/wp\/v2\/types\/product"}],"replies":[{"embeddable":true,"href":"https:\/\/sublimationsoinsexperts.com\/index.php\/wp-json\/wp\/v2\/comments?post=2596"}],"wp:featuredmedia":[{"embeddable":true,"href":"https:\/\/sublimationsoinsexperts.com\/index.php\/wp-json\/wp\/v2\/media\/2597"}],"wp:attachment":[{"href":"https:\/\/sublimationsoinsexperts.com\/index.php\/wp-json\/wp\/v2\/media?parent=2596"}],"wp:term":[{"taxonomy":"product_brand","embeddable":true,"href":"https:\/\/sublimationsoinsexperts.com\/index.php\/wp-json\/wp\/v2\/product_brand?post=2596"},{"taxonomy":"product_cat","embeddable":true,"href":"https:\/\/sublimationsoinsexperts.com\/index.php\/wp-json\/wp\/v2\/product_cat?post=2596"},{"taxonomy":"product_tag","embeddable":true,"href":"https:\/\/sublimationsoinsexperts.com\/index.php\/wp-json\/wp\/v2\/product_tag?post=2596"}],"curies":[{"name":"wp","href":"https:\/\/api.w.org\/{rel}","templated":true}]}}