{"id":2610,"date":"2024-03-26T21:13:18","date_gmt":"2024-03-26T21:13:18","guid":{"rendered":"https:\/\/sublimationsoinsexperts.com\/?post_type=product&#038;p=2610"},"modified":"2024-03-26T21:13:18","modified_gmt":"2024-03-26T21:13:18","slug":"compresses-froides-chaudes","status":"publish","type":"product","link":"https:\/\/sublimationsoinsexperts.com\/index.php\/product\/compresses-froides-chaudes\/","title":{"rendered":"Compresses froides\/chaudes"},"content":{"rendered":"<p>\u2022 Ces compresses peuvent \u00eatre utilis\u00e9es dans les domaines suivants: physioth\u00e9rapie, m\u00e9decine dentaire, orthop\u00e9die, premiers secours, m\u00e9decine du sport, gyn\u00e9cologie, th\u00e9rapie postop\u00e9ratoire, &#8230;<br \/>\n\u2022 Ne pas appliquer en cas de troubles circulatoires et de syndr\u00f4me de Raynaud.<br \/>\n\u2022 Avantage: dur\u00e9e de vie tr\u00e8s longue, manipulation simple, s\u2019utilise aussi bien \u00e0 l\u2019h\u00f4pital qu\u2019\u00e0 la maison.<br \/>\n\u2022 Pour une utilisation comme compresse froide: mettre environ 2 heures au cong\u00e9lateur (jusqu\u2019\u00e0 -18\u00b0C).<br \/>\n\u2022 Il est recommand\u00e9 de laisser la compresse au cong\u00e9lateur pr\u00eate \u00e0 l\u2019emploi.<br \/>\n\u2022 Pour une utilisation comme compresse chaude: r\u00e9chauffer la compresse dans de l\u2019eau chaude \u00e0 max. 80\u00b0C (5 minutes) ou au micro-ondes (3 minutes \u00e0 280 Watt).<br \/>\n\u2022 Le r\u00e9chauffement de la compresse doit se faire sous surveillance constante.<br \/>\n\u2022 Il est conseill\u00e9 de malaxer la compresse pour une meilleure r\u00e9partition de la chaleur.<\/p>\n","protected":false},"excerpt":{"rendered":"<p>\u2022 Ces compresses peuvent \u00eatre utilis\u00e9es dans les domaines suivants: physioth\u00e9rapie, m\u00e9decine dentaire, orthop\u00e9die, premiers secours, m\u00e9decine du sport, gyn\u00e9cologie, th\u00e9rapie postop\u00e9ratoire, &#8230; \u2022 Ne pas appliquer en cas de troubles circulatoires et de syndr\u00f4me de Raynaud. \u2022 Avantage: dur\u00e9e de vie tr\u00e8s longue, manipulation simple, s\u2019utilise aussi bien \u00e0 l\u2019h\u00f4pital qu\u2019\u00e0 la maison. \u2022 [&hellip;]<\/p>\n","protected":false},"featured_media":2611,"comment_status":"open","ping_status":"closed","template":"","meta":[],"product_brand":[],"product_cat":[46,70],"product_tag":[],"class_list":{"0":"post-2610","1":"product","2":"type-product","3":"status-publish","4":"has-post-thumbnail","6":"product_cat-aide-au-quotidien","7":"product_cat-therapie-froid-chaud","9":"first","10":"instock","11":"shipping-taxable","12":"purchasable","13":"product-type-variable"},"yoast_head":"<!-- This site is optimized with the Yoast SEO plugin v27.3 - https:\/\/yoast.com\/product\/yoast-seo-wordpress\/ -->\n<title>Compresses froides\/chaudes - Sublimation soins experts<\/title>\n<meta name=\"robots\" content=\"index, follow, max-snippet:-1, max-image-preview:large, max-video-preview:-1\" \/>\n<link rel=\"canonical\" href=\"https:\/\/sublimationsoinsexperts.com\/index.php\/product\/compresses-froides-chaudes\/\" \/>\n<meta property=\"og:locale\" content=\"fr_FR\" \/>\n<meta property=\"og:type\" content=\"article\" \/>\n<meta property=\"og:title\" content=\"Compresses froides\/chaudes - Sublimation soins experts\" \/>\n<meta property=\"og:description\" content=\"\u2022 Ces compresses peuvent \u00eatre utilis\u00e9es dans les domaines suivants: physioth\u00e9rapie, m\u00e9decine dentaire, orthop\u00e9die, premiers secours, m\u00e9decine du sport, gyn\u00e9cologie, th\u00e9rapie postop\u00e9ratoire, &#8230; \u2022 Ne pas appliquer en cas de troubles circulatoires et de syndr\u00f4me de Raynaud. \u2022 Avantage: dur\u00e9e de vie tr\u00e8s longue, manipulation simple, s\u2019utilise aussi bien \u00e0 l\u2019h\u00f4pital qu\u2019\u00e0 la maison. \u2022 [&hellip;]\" \/>\n<meta property=\"og:url\" content=\"https:\/\/sublimationsoinsexperts.com\/index.php\/product\/compresses-froides-chaudes\/\" \/>\n<meta property=\"og:site_name\" content=\"Sublimation soins experts\" \/>\n<meta property=\"og:image\" content=\"http:\/\/sublimationsoinsexperts.com\/wp-content\/uploads\/2024\/03\/117.151_Compresses-froides-chaudes.jpg\" \/>\n\t<meta property=\"og:image:width\" content=\"399\" \/>\n\t<meta property=\"og:image:height\" content=\"381\" \/>\n\t<meta property=\"og:image:type\" content=\"image\/jpeg\" \/>\n<meta name=\"twitter:card\" content=\"summary_large_image\" \/>\n<meta name=\"twitter:label1\" content=\"Dur\u00e9e de lecture estim\u00e9e\" \/>\n\t<meta name=\"twitter:data1\" content=\"1 minute\" \/>\n<script type=\"application\/ld+json\" class=\"yoast-schema-graph\">{\"@context\":\"https:\\\/\\\/schema.org\",\"@graph\":[{\"@type\":\"WebPage\",\"@id\":\"https:\\\/\\\/sublimationsoinsexperts.com\\\/index.php\\\/product\\\/compresses-froides-chaudes\\\/\",\"url\":\"https:\\\/\\\/sublimationsoinsexperts.com\\\/index.php\\\/product\\\/compresses-froides-chaudes\\\/\",\"name\":\"Compresses froides\\\/chaudes - Sublimation soins experts\",\"isPartOf\":{\"@id\":\"https:\\\/\\\/sublimationsoinsexperts.com\\\/#website\"},\"primaryImageOfPage\":{\"@id\":\"https:\\\/\\\/sublimationsoinsexperts.com\\\/index.php\\\/product\\\/compresses-froides-chaudes\\\/#primaryimage\"},\"image\":{\"@id\":\"https:\\\/\\\/sublimationsoinsexperts.com\\\/index.php\\\/product\\\/compresses-froides-chaudes\\\/#primaryimage\"},\"thumbnailUrl\":\"https:\\\/\\\/sublimationsoinsexperts.com\\\/wp-content\\\/uploads\\\/2024\\\/03\\\/117.151_Compresses-froides-chaudes.jpg\",\"datePublished\":\"2024-03-26T21:13:18+00:00\",\"breadcrumb\":{\"@id\":\"https:\\\/\\\/sublimationsoinsexperts.com\\\/index.php\\\/product\\\/compresses-froides-chaudes\\\/#breadcrumb\"},\"inLanguage\":\"fr-FR\",\"potentialAction\":[{\"@type\":\"ReadAction\",\"target\":[\"https:\\\/\\\/sublimationsoinsexperts.com\\\/index.php\\\/product\\\/compresses-froides-chaudes\\\/\"]}]},{\"@type\":\"ImageObject\",\"inLanguage\":\"fr-FR\",\"@id\":\"https:\\\/\\\/sublimationsoinsexperts.com\\\/index.php\\\/product\\\/compresses-froides-chaudes\\\/#primaryimage\",\"url\":\"https:\\\/\\\/sublimationsoinsexperts.com\\\/wp-content\\\/uploads\\\/2024\\\/03\\\/117.151_Compresses-froides-chaudes.jpg\",\"contentUrl\":\"https:\\\/\\\/sublimationsoinsexperts.com\\\/wp-content\\\/uploads\\\/2024\\\/03\\\/117.151_Compresses-froides-chaudes.jpg\",\"width\":399,\"height\":381},{\"@type\":\"BreadcrumbList\",\"@id\":\"https:\\\/\\\/sublimationsoinsexperts.com\\\/index.php\\\/product\\\/compresses-froides-chaudes\\\/#breadcrumb\",\"itemListElement\":[{\"@type\":\"ListItem\",\"position\":1,\"name\":\"Accueil\",\"item\":\"https:\\\/\\\/sublimationsoinsexperts.com\\\/\"},{\"@type\":\"ListItem\",\"position\":2,\"name\":\"Shop\",\"item\":\"https:\\\/\\\/sublimationsoinsexperts.com\\\/index.php\\\/shop\\\/\"},{\"@type\":\"ListItem\",\"position\":3,\"name\":\"Compresses froides\\\/chaudes\"}]},{\"@type\":\"WebSite\",\"@id\":\"https:\\\/\\\/sublimationsoinsexperts.com\\\/#website\",\"url\":\"https:\\\/\\\/sublimationsoinsexperts.com\\\/\",\"name\":\"Sublimation soins experts\",\"description\":\"\",\"potentialAction\":[{\"@type\":\"SearchAction\",\"target\":{\"@type\":\"EntryPoint\",\"urlTemplate\":\"https:\\\/\\\/sublimationsoinsexperts.com\\\/?s={search_term_string}\"},\"query-input\":{\"@type\":\"PropertyValueSpecification\",\"valueRequired\":true,\"valueName\":\"search_term_string\"}}],\"inLanguage\":\"fr-FR\"}]}<\/script>\n<!-- \/ Yoast SEO plugin. -->","yoast_head_json":{"title":"Compresses froides\/chaudes - Sublimation soins experts","robots":{"index":"index","follow":"follow","max-snippet":"max-snippet:-1","max-image-preview":"max-image-preview:large","max-video-preview":"max-video-preview:-1"},"canonical":"https:\/\/sublimationsoinsexperts.com\/index.php\/product\/compresses-froides-chaudes\/","og_locale":"fr_FR","og_type":"article","og_title":"Compresses froides\/chaudes - Sublimation soins experts","og_description":"\u2022 Ces compresses peuvent \u00eatre utilis\u00e9es dans les domaines suivants: physioth\u00e9rapie, m\u00e9decine dentaire, orthop\u00e9die, premiers secours, m\u00e9decine du sport, gyn\u00e9cologie, th\u00e9rapie postop\u00e9ratoire, &#8230; \u2022 Ne pas appliquer en cas de troubles circulatoires et de syndr\u00f4me de Raynaud. \u2022 Avantage: dur\u00e9e de vie tr\u00e8s longue, manipulation simple, s\u2019utilise aussi bien \u00e0 l\u2019h\u00f4pital qu\u2019\u00e0 la maison. \u2022 [&hellip;]","og_url":"https:\/\/sublimationsoinsexperts.com\/index.php\/product\/compresses-froides-chaudes\/","og_site_name":"Sublimation soins experts","og_image":[{"width":399,"height":381,"url":"http:\/\/sublimationsoinsexperts.com\/wp-content\/uploads\/2024\/03\/117.151_Compresses-froides-chaudes.jpg","type":"image\/jpeg"}],"twitter_card":"summary_large_image","twitter_misc":{"Dur\u00e9e de lecture estim\u00e9e":"1 minute"},"schema":{"@context":"https:\/\/schema.org","@graph":[{"@type":"WebPage","@id":"https:\/\/sublimationsoinsexperts.com\/index.php\/product\/compresses-froides-chaudes\/","url":"https:\/\/sublimationsoinsexperts.com\/index.php\/product\/compresses-froides-chaudes\/","name":"Compresses froides\/chaudes - Sublimation soins experts","isPartOf":{"@id":"https:\/\/sublimationsoinsexperts.com\/#website"},"primaryImageOfPage":{"@id":"https:\/\/sublimationsoinsexperts.com\/index.php\/product\/compresses-froides-chaudes\/#primaryimage"},"image":{"@id":"https:\/\/sublimationsoinsexperts.com\/index.php\/product\/compresses-froides-chaudes\/#primaryimage"},"thumbnailUrl":"https:\/\/sublimationsoinsexperts.com\/wp-content\/uploads\/2024\/03\/117.151_Compresses-froides-chaudes.jpg","datePublished":"2024-03-26T21:13:18+00:00","breadcrumb":{"@id":"https:\/\/sublimationsoinsexperts.com\/index.php\/product\/compresses-froides-chaudes\/#breadcrumb"},"inLanguage":"fr-FR","potentialAction":[{"@type":"ReadAction","target":["https:\/\/sublimationsoinsexperts.com\/index.php\/product\/compresses-froides-chaudes\/"]}]},{"@type":"ImageObject","inLanguage":"fr-FR","@id":"https:\/\/sublimationsoinsexperts.com\/index.php\/product\/compresses-froides-chaudes\/#primaryimage","url":"https:\/\/sublimationsoinsexperts.com\/wp-content\/uploads\/2024\/03\/117.151_Compresses-froides-chaudes.jpg","contentUrl":"https:\/\/sublimationsoinsexperts.com\/wp-content\/uploads\/2024\/03\/117.151_Compresses-froides-chaudes.jpg","width":399,"height":381},{"@type":"BreadcrumbList","@id":"https:\/\/sublimationsoinsexperts.com\/index.php\/product\/compresses-froides-chaudes\/#breadcrumb","itemListElement":[{"@type":"ListItem","position":1,"name":"Accueil","item":"https:\/\/sublimationsoinsexperts.com\/"},{"@type":"ListItem","position":2,"name":"Shop","item":"https:\/\/sublimationsoinsexperts.com\/index.php\/shop\/"},{"@type":"ListItem","position":3,"name":"Compresses froides\/chaudes"}]},{"@type":"WebSite","@id":"https:\/\/sublimationsoinsexperts.com\/#website","url":"https:\/\/sublimationsoinsexperts.com\/","name":"Sublimation soins experts","description":"","potentialAction":[{"@type":"SearchAction","target":{"@type":"EntryPoint","urlTemplate":"https:\/\/sublimationsoinsexperts.com\/?s={search_term_string}"},"query-input":{"@type":"PropertyValueSpecification","valueRequired":true,"valueName":"search_term_string"}}],"inLanguage":"fr-FR"}]}},"_links":{"self":[{"href":"https:\/\/sublimationsoinsexperts.com\/index.php\/wp-json\/wp\/v2\/product\/2610","targetHints":{"allow":["GET"]}}],"collection":[{"href":"https:\/\/sublimationsoinsexperts.com\/index.php\/wp-json\/wp\/v2\/product"}],"about":[{"href":"https:\/\/sublimationsoinsexperts.com\/index.php\/wp-json\/wp\/v2\/types\/product"}],"replies":[{"embeddable":true,"href":"https:\/\/sublimationsoinsexperts.com\/index.php\/wp-json\/wp\/v2\/comments?post=2610"}],"wp:featuredmedia":[{"embeddable":true,"href":"https:\/\/sublimationsoinsexperts.com\/index.php\/wp-json\/wp\/v2\/media\/2611"}],"wp:attachment":[{"href":"https:\/\/sublimationsoinsexperts.com\/index.php\/wp-json\/wp\/v2\/media?parent=2610"}],"wp:term":[{"taxonomy":"product_brand","embeddable":true,"href":"https:\/\/sublimationsoinsexperts.com\/index.php\/wp-json\/wp\/v2\/product_brand?post=2610"},{"taxonomy":"product_cat","embeddable":true,"href":"https:\/\/sublimationsoinsexperts.com\/index.php\/wp-json\/wp\/v2\/product_cat?post=2610"},{"taxonomy":"product_tag","embeddable":true,"href":"https:\/\/sublimationsoinsexperts.com\/index.php\/wp-json\/wp\/v2\/product_tag?post=2610"}],"curies":[{"name":"wp","href":"https:\/\/api.w.org\/{rel}","templated":true}]}}