{"id":2734,"date":"2024-03-28T21:13:27","date_gmt":"2024-03-28T21:13:27","guid":{"rendered":"https:\/\/sublimationsoinsexperts.com\/?post_type=product&#038;p=2734"},"modified":"2024-03-28T21:13:27","modified_gmt":"2024-03-28T21:13:27","slug":"aerosol-gcare-aeroplus-complet","status":"publish","type":"product","link":"https:\/\/sublimationsoinsexperts.com\/index.php\/product\/aerosol-gcare-aeroplus-complet\/","title":{"rendered":"A\u00e9rosol GCare AeroPlus complet"},"content":{"rendered":"<p>\u2022 AeroPlus est un n\u00e9buliseur \u00e0 compresseur \u00e0 piston pour l\u2019a\u00e9rosolth\u00e9rapie.<br \/>\n\u2022 Con\u00e7u pour les soins \u00e0 domicile, il trouve \u00e9galement des applications pour un usage intensif gr\u00e2ce au puissant compresseur homologu\u00e9 pour un fonctionnement non-stop.<br \/>\n\u2022 Facile \u00e0 utiliser et \u00e0 transporter gr\u00e2ce \u00e0 sa taille compacte et son compartiment d\u00e9di\u00e9 au rangement des accessoires et des m\u00e9dicaments.<br \/>\n\u2022 AeroPlus comprend un n\u00e9buliseur \u00e0 jet hi-flo qui a r\u00e9ussi le test de compatibilit\u00e9 avec les principes actifs les plus prescrits.<br \/>\n\u2022 Accessoires inclus :<br \/>\n&#8211; N\u00e9buliseur \u00e0 jet hi-flo<br \/>\n&#8211; Masque adulte avec cordons \u00e9lastiques<br \/>\n&#8211; Masque enfant avec cordons \u00e9lastiques<br \/>\n&#8211; Embouchure<br \/>\n&#8211; Embout nasal (non invasif)<br \/>\n&#8211; Tuyau d\u2019air<br \/>\n&#8211; Filtre \u00e0 air<br \/>\n\u2022 Caract\u00e9ristiques:<br \/>\n&#8211; Compresseur Pompe \u00e0 piston sans huile et sans entretien<br \/>\n&#8211; Alimentation \u00e9lectrique 230 V-50 Hz<br \/>\n&#8211; Pression maximale 3,0 bars 43,5 psi 300 kPa<br \/>\n&#8211; Pression de service 1,3 bar 18,9 psi 130 kPa<br \/>\n&#8211; D\u00e9bit d\u2019air maximal 16 l\/min<br \/>\n&#8211; D\u00e9bit d\u2019air de fonctionnement 5,2 L\/min<br \/>\n&#8211; Neb-rate avec 2 ml de solution de NaCI \u00e0 0,9 % 0,50 ml\/min<br \/>\n&#8211; MMAD (\u00b5m) EN 13544-1 3,25<br \/>\n&#8211; Cycle de service fonctionnement non-stop<br \/>\n&#8211; Niveau de bruit 60 dBA<br \/>\n&#8211; Poids 1,45 kg<br \/>\n&#8211; Taille (LxlxH) 15,5 x 15,5 x 10 cm<\/p>\n<p>&nbsp;<\/p>\n<p>REF GOHY 331.110<\/p>\n","protected":false},"excerpt":{"rendered":"<p>\u2022 AeroPlus est un n\u00e9buliseur \u00e0 compresseur \u00e0 piston pour l\u2019a\u00e9rosolth\u00e9rapie. \u2022 Con\u00e7u pour les soins \u00e0 domicile, il trouve \u00e9galement des applications pour un usage intensif gr\u00e2ce au puissant compresseur homologu\u00e9 pour un fonctionnement non-stop. \u2022 Facile \u00e0 utiliser et \u00e0 transporter gr\u00e2ce \u00e0 sa taille compacte et son compartiment d\u00e9di\u00e9 au rangement des [&hellip;]<\/p>\n","protected":false},"featured_media":2735,"comment_status":"open","ping_status":"closed","template":"","meta":[],"product_brand":[],"product_cat":[87,39],"product_tag":[],"class_list":{"0":"post-2734","1":"product","2":"type-product","3":"status-publish","4":"has-post-thumbnail","6":"product_cat-aerosols","7":"product_cat-diagnostic-et-therapie","9":"first","10":"instock","11":"shipping-taxable","12":"purchasable","13":"product-type-simple"},"yoast_head":"<!-- This site is optimized with the Yoast SEO plugin v27.5 - https:\/\/yoast.com\/product\/yoast-seo-wordpress\/ -->\n<title>A\u00e9rosol GCare AeroPlus complet - Sublimation soins experts<\/title>\n<meta name=\"robots\" content=\"index, follow, max-snippet:-1, max-image-preview:large, max-video-preview:-1\" \/>\n<link rel=\"canonical\" href=\"https:\/\/sublimationsoinsexperts.com\/index.php\/product\/aerosol-gcare-aeroplus-complet\/\" \/>\n<meta property=\"og:locale\" content=\"fr_FR\" \/>\n<meta property=\"og:type\" content=\"article\" \/>\n<meta property=\"og:title\" content=\"A\u00e9rosol GCare AeroPlus complet - Sublimation soins experts\" \/>\n<meta property=\"og:description\" content=\"\u2022 AeroPlus est un n\u00e9buliseur \u00e0 compresseur \u00e0 piston pour l\u2019a\u00e9rosolth\u00e9rapie. \u2022 Con\u00e7u pour les soins \u00e0 domicile, il trouve \u00e9galement des applications pour un usage intensif gr\u00e2ce au puissant compresseur homologu\u00e9 pour un fonctionnement non-stop. \u2022 Facile \u00e0 utiliser et \u00e0 transporter gr\u00e2ce \u00e0 sa taille compacte et son compartiment d\u00e9di\u00e9 au rangement des [&hellip;]\" \/>\n<meta property=\"og:url\" content=\"https:\/\/sublimationsoinsexperts.com\/index.php\/product\/aerosol-gcare-aeroplus-complet\/\" \/>\n<meta property=\"og:site_name\" content=\"Sublimation soins experts\" \/>\n<meta property=\"og:image\" content=\"http:\/\/sublimationsoinsexperts.com\/wp-content\/uploads\/2024\/03\/331.110_Aerosol-GCare-AeroPlus-complet.jpg\" \/>\n\t<meta property=\"og:image:width\" content=\"400\" \/>\n\t<meta property=\"og:image:height\" content=\"400\" \/>\n\t<meta property=\"og:image:type\" content=\"image\/jpeg\" \/>\n<meta name=\"twitter:card\" content=\"summary_large_image\" \/>\n<meta name=\"twitter:label1\" content=\"Dur\u00e9e de lecture estim\u00e9e\" \/>\n\t<meta name=\"twitter:data1\" content=\"2 minutes\" \/>\n<script type=\"application\/ld+json\" class=\"yoast-schema-graph\">{\"@context\":\"https:\\\/\\\/schema.org\",\"@graph\":[{\"@type\":\"WebPage\",\"@id\":\"https:\\\/\\\/sublimationsoinsexperts.com\\\/index.php\\\/product\\\/aerosol-gcare-aeroplus-complet\\\/\",\"url\":\"https:\\\/\\\/sublimationsoinsexperts.com\\\/index.php\\\/product\\\/aerosol-gcare-aeroplus-complet\\\/\",\"name\":\"A\u00e9rosol GCare AeroPlus complet - Sublimation soins experts\",\"isPartOf\":{\"@id\":\"https:\\\/\\\/sublimationsoinsexperts.com\\\/#website\"},\"primaryImageOfPage\":{\"@id\":\"https:\\\/\\\/sublimationsoinsexperts.com\\\/index.php\\\/product\\\/aerosol-gcare-aeroplus-complet\\\/#primaryimage\"},\"image\":{\"@id\":\"https:\\\/\\\/sublimationsoinsexperts.com\\\/index.php\\\/product\\\/aerosol-gcare-aeroplus-complet\\\/#primaryimage\"},\"thumbnailUrl\":\"https:\\\/\\\/sublimationsoinsexperts.com\\\/wp-content\\\/uploads\\\/2024\\\/03\\\/331.110_Aerosol-GCare-AeroPlus-complet.jpg\",\"datePublished\":\"2024-03-28T21:13:27+00:00\",\"breadcrumb\":{\"@id\":\"https:\\\/\\\/sublimationsoinsexperts.com\\\/index.php\\\/product\\\/aerosol-gcare-aeroplus-complet\\\/#breadcrumb\"},\"inLanguage\":\"fr-FR\",\"potentialAction\":[{\"@type\":\"ReadAction\",\"target\":[\"https:\\\/\\\/sublimationsoinsexperts.com\\\/index.php\\\/product\\\/aerosol-gcare-aeroplus-complet\\\/\"]}]},{\"@type\":\"ImageObject\",\"inLanguage\":\"fr-FR\",\"@id\":\"https:\\\/\\\/sublimationsoinsexperts.com\\\/index.php\\\/product\\\/aerosol-gcare-aeroplus-complet\\\/#primaryimage\",\"url\":\"https:\\\/\\\/sublimationsoinsexperts.com\\\/wp-content\\\/uploads\\\/2024\\\/03\\\/331.110_Aerosol-GCare-AeroPlus-complet.jpg\",\"contentUrl\":\"https:\\\/\\\/sublimationsoinsexperts.com\\\/wp-content\\\/uploads\\\/2024\\\/03\\\/331.110_Aerosol-GCare-AeroPlus-complet.jpg\",\"width\":400,\"height\":400},{\"@type\":\"BreadcrumbList\",\"@id\":\"https:\\\/\\\/sublimationsoinsexperts.com\\\/index.php\\\/product\\\/aerosol-gcare-aeroplus-complet\\\/#breadcrumb\",\"itemListElement\":[{\"@type\":\"ListItem\",\"position\":1,\"name\":\"Accueil\",\"item\":\"https:\\\/\\\/sublimationsoinsexperts.com\\\/\"},{\"@type\":\"ListItem\",\"position\":2,\"name\":\"Shop\",\"item\":\"https:\\\/\\\/sublimationsoinsexperts.com\\\/index.php\\\/shop\\\/\"},{\"@type\":\"ListItem\",\"position\":3,\"name\":\"A\u00e9rosol GCare AeroPlus complet\"}]},{\"@type\":\"WebSite\",\"@id\":\"https:\\\/\\\/sublimationsoinsexperts.com\\\/#website\",\"url\":\"https:\\\/\\\/sublimationsoinsexperts.com\\\/\",\"name\":\"Sublimation soins experts\",\"description\":\"\",\"potentialAction\":[{\"@type\":\"SearchAction\",\"target\":{\"@type\":\"EntryPoint\",\"urlTemplate\":\"https:\\\/\\\/sublimationsoinsexperts.com\\\/?s={search_term_string}\"},\"query-input\":{\"@type\":\"PropertyValueSpecification\",\"valueRequired\":true,\"valueName\":\"search_term_string\"}}],\"inLanguage\":\"fr-FR\"}]}<\/script>\n<!-- \/ Yoast SEO plugin. -->","yoast_head_json":{"title":"A\u00e9rosol GCare AeroPlus complet - Sublimation soins experts","robots":{"index":"index","follow":"follow","max-snippet":"max-snippet:-1","max-image-preview":"max-image-preview:large","max-video-preview":"max-video-preview:-1"},"canonical":"https:\/\/sublimationsoinsexperts.com\/index.php\/product\/aerosol-gcare-aeroplus-complet\/","og_locale":"fr_FR","og_type":"article","og_title":"A\u00e9rosol GCare AeroPlus complet - Sublimation soins experts","og_description":"\u2022 AeroPlus est un n\u00e9buliseur \u00e0 compresseur \u00e0 piston pour l\u2019a\u00e9rosolth\u00e9rapie. \u2022 Con\u00e7u pour les soins \u00e0 domicile, il trouve \u00e9galement des applications pour un usage intensif gr\u00e2ce au puissant compresseur homologu\u00e9 pour un fonctionnement non-stop. \u2022 Facile \u00e0 utiliser et \u00e0 transporter gr\u00e2ce \u00e0 sa taille compacte et son compartiment d\u00e9di\u00e9 au rangement des [&hellip;]","og_url":"https:\/\/sublimationsoinsexperts.com\/index.php\/product\/aerosol-gcare-aeroplus-complet\/","og_site_name":"Sublimation soins experts","og_image":[{"width":400,"height":400,"url":"http:\/\/sublimationsoinsexperts.com\/wp-content\/uploads\/2024\/03\/331.110_Aerosol-GCare-AeroPlus-complet.jpg","type":"image\/jpeg"}],"twitter_card":"summary_large_image","twitter_misc":{"Dur\u00e9e de lecture estim\u00e9e":"2 minutes"},"schema":{"@context":"https:\/\/schema.org","@graph":[{"@type":"WebPage","@id":"https:\/\/sublimationsoinsexperts.com\/index.php\/product\/aerosol-gcare-aeroplus-complet\/","url":"https:\/\/sublimationsoinsexperts.com\/index.php\/product\/aerosol-gcare-aeroplus-complet\/","name":"A\u00e9rosol GCare AeroPlus complet - Sublimation soins experts","isPartOf":{"@id":"https:\/\/sublimationsoinsexperts.com\/#website"},"primaryImageOfPage":{"@id":"https:\/\/sublimationsoinsexperts.com\/index.php\/product\/aerosol-gcare-aeroplus-complet\/#primaryimage"},"image":{"@id":"https:\/\/sublimationsoinsexperts.com\/index.php\/product\/aerosol-gcare-aeroplus-complet\/#primaryimage"},"thumbnailUrl":"https:\/\/sublimationsoinsexperts.com\/wp-content\/uploads\/2024\/03\/331.110_Aerosol-GCare-AeroPlus-complet.jpg","datePublished":"2024-03-28T21:13:27+00:00","breadcrumb":{"@id":"https:\/\/sublimationsoinsexperts.com\/index.php\/product\/aerosol-gcare-aeroplus-complet\/#breadcrumb"},"inLanguage":"fr-FR","potentialAction":[{"@type":"ReadAction","target":["https:\/\/sublimationsoinsexperts.com\/index.php\/product\/aerosol-gcare-aeroplus-complet\/"]}]},{"@type":"ImageObject","inLanguage":"fr-FR","@id":"https:\/\/sublimationsoinsexperts.com\/index.php\/product\/aerosol-gcare-aeroplus-complet\/#primaryimage","url":"https:\/\/sublimationsoinsexperts.com\/wp-content\/uploads\/2024\/03\/331.110_Aerosol-GCare-AeroPlus-complet.jpg","contentUrl":"https:\/\/sublimationsoinsexperts.com\/wp-content\/uploads\/2024\/03\/331.110_Aerosol-GCare-AeroPlus-complet.jpg","width":400,"height":400},{"@type":"BreadcrumbList","@id":"https:\/\/sublimationsoinsexperts.com\/index.php\/product\/aerosol-gcare-aeroplus-complet\/#breadcrumb","itemListElement":[{"@type":"ListItem","position":1,"name":"Accueil","item":"https:\/\/sublimationsoinsexperts.com\/"},{"@type":"ListItem","position":2,"name":"Shop","item":"https:\/\/sublimationsoinsexperts.com\/index.php\/shop\/"},{"@type":"ListItem","position":3,"name":"A\u00e9rosol GCare AeroPlus complet"}]},{"@type":"WebSite","@id":"https:\/\/sublimationsoinsexperts.com\/#website","url":"https:\/\/sublimationsoinsexperts.com\/","name":"Sublimation soins experts","description":"","potentialAction":[{"@type":"SearchAction","target":{"@type":"EntryPoint","urlTemplate":"https:\/\/sublimationsoinsexperts.com\/?s={search_term_string}"},"query-input":{"@type":"PropertyValueSpecification","valueRequired":true,"valueName":"search_term_string"}}],"inLanguage":"fr-FR"}]}},"_links":{"self":[{"href":"https:\/\/sublimationsoinsexperts.com\/index.php\/wp-json\/wp\/v2\/product\/2734","targetHints":{"allow":["GET"]}}],"collection":[{"href":"https:\/\/sublimationsoinsexperts.com\/index.php\/wp-json\/wp\/v2\/product"}],"about":[{"href":"https:\/\/sublimationsoinsexperts.com\/index.php\/wp-json\/wp\/v2\/types\/product"}],"replies":[{"embeddable":true,"href":"https:\/\/sublimationsoinsexperts.com\/index.php\/wp-json\/wp\/v2\/comments?post=2734"}],"wp:featuredmedia":[{"embeddable":true,"href":"https:\/\/sublimationsoinsexperts.com\/index.php\/wp-json\/wp\/v2\/media\/2735"}],"wp:attachment":[{"href":"https:\/\/sublimationsoinsexperts.com\/index.php\/wp-json\/wp\/v2\/media?parent=2734"}],"wp:term":[{"taxonomy":"product_brand","embeddable":true,"href":"https:\/\/sublimationsoinsexperts.com\/index.php\/wp-json\/wp\/v2\/product_brand?post=2734"},{"taxonomy":"product_cat","embeddable":true,"href":"https:\/\/sublimationsoinsexperts.com\/index.php\/wp-json\/wp\/v2\/product_cat?post=2734"},{"taxonomy":"product_tag","embeddable":true,"href":"https:\/\/sublimationsoinsexperts.com\/index.php\/wp-json\/wp\/v2\/product_tag?post=2734"}],"curies":[{"name":"wp","href":"https:\/\/api.w.org\/{rel}","templated":true}]}}