{"id":2827,"date":"2024-03-29T19:35:16","date_gmt":"2024-03-29T19:35:16","guid":{"rendered":"https:\/\/sublimationsoinsexperts.com\/?post_type=product&#038;p=2827"},"modified":"2024-03-29T19:35:16","modified_gmt":"2024-03-29T19:35:16","slug":"charlotte-shampoing-cocune-shampoo-cap","status":"publish","type":"product","link":"https:\/\/sublimationsoinsexperts.com\/index.php\/product\/charlotte-shampoing-cocune-shampoo-cap\/","title":{"rendered":"Charlotte shampoing Cocune Shampoo Cap"},"content":{"rendered":"<div class=\"article_short_description\">Paquet de 1 charlotte<\/div>\n<div><\/div>\n<div>\u2022 Les charlottes shampoing Cocune permettent de laver facilement les cheveux des patients, sans d\u00e9sagr\u00e9ments, sans qu\u2019ils aient besoin de quitter leur lit pour certains, ni de se pencher en avant ou en arri\u00e8re pour d\u2019autres.<br \/>\n\u2022 Tout est d\u00e9j\u00e0 pr\u00eat, l\u2019int\u00e9rieur de la charlotte est impr\u00e9gn\u00e9 d\u2019un sham\u00adpoing sp\u00e9cial n\u2019ayant pas besoin d\u2019\u00eatre rinc\u00e9 \u00e0 l\u2019eau.<br \/>\n\u2022 Pour plus de confort, la charlotte peut \u00eatre r\u00e9chauff\u00e9e dans un mi\u00adcro-ondes.<br \/>\n\u2022 La couche ext\u00e9rieure de la charlotte est r\u00e9alis\u00e9e en mati\u00e8re plastique r\u00e9sistante, permettant au soignant d\u2019\u00eatre lui-m\u00eame prot\u00e9g\u00e9 lorsqu\u2019il effectue ce soin.<br \/>\n\u2022 La lotion est compos\u00e9e des ingr\u00e9dients suivants: Aqua, Disodium cocoamphodiacetate, Glycerin, PEG-12 dimethicone, Quaternium-15, DMDM hydantoin, Methylparaben, Phenoxyethanol, Propylparaben, Perfume, Butylparaben, Ethylparaben<\/div>\n<div><\/div>\n<div>REF GOHY 327.251<\/div>\n<div><\/div>\n","protected":false},"excerpt":{"rendered":"<p>Paquet de 1 charlotte \u2022 Les charlottes shampoing Cocune permettent de laver facilement les cheveux des patients, sans d\u00e9sagr\u00e9ments, sans qu\u2019ils aient besoin de quitter leur lit pour certains, ni de se pencher en avant ou en arri\u00e8re pour d\u2019autres. \u2022 Tout est d\u00e9j\u00e0 pr\u00eat, l\u2019int\u00e9rieur de la charlotte est impr\u00e9gn\u00e9 d\u2019un sham\u00adpoing sp\u00e9cial n\u2019ayant [&hellip;]<\/p>\n","protected":false},"featured_media":2828,"comment_status":"open","ping_status":"closed","template":"","meta":[],"product_brand":[],"product_cat":[19,61],"product_tag":[],"class_list":{"0":"post-2827","1":"product","2":"type-product","3":"status-publish","4":"has-post-thumbnail","6":"product_cat-hygiene","7":"product_cat-toilette-sans-eau","9":"first","10":"instock","11":"shipping-taxable","12":"purchasable","13":"product-type-simple"},"yoast_head":"<!-- This site is optimized with the Yoast SEO plugin v27.3 - https:\/\/yoast.com\/product\/yoast-seo-wordpress\/ -->\n<title>Charlotte shampoing Cocune Shampoo Cap - Sublimation soins experts<\/title>\n<meta name=\"robots\" content=\"index, follow, max-snippet:-1, max-image-preview:large, max-video-preview:-1\" \/>\n<link rel=\"canonical\" href=\"https:\/\/sublimationsoinsexperts.com\/index.php\/product\/charlotte-shampoing-cocune-shampoo-cap\/\" \/>\n<meta property=\"og:locale\" content=\"fr_FR\" \/>\n<meta property=\"og:type\" content=\"article\" \/>\n<meta property=\"og:title\" content=\"Charlotte shampoing Cocune Shampoo Cap - Sublimation soins experts\" \/>\n<meta property=\"og:description\" content=\"Paquet de 1 charlotte \u2022 Les charlottes shampoing Cocune permettent de laver facilement les cheveux des patients, sans d\u00e9sagr\u00e9ments, sans qu\u2019ils aient besoin de quitter leur lit pour certains, ni de se pencher en avant ou en arri\u00e8re pour d\u2019autres. \u2022 Tout est d\u00e9j\u00e0 pr\u00eat, l\u2019int\u00e9rieur de la charlotte est impr\u00e9gn\u00e9 d\u2019un sham\u00adpoing sp\u00e9cial n\u2019ayant [&hellip;]\" \/>\n<meta property=\"og:url\" content=\"https:\/\/sublimationsoinsexperts.com\/index.php\/product\/charlotte-shampoing-cocune-shampoo-cap\/\" \/>\n<meta property=\"og:site_name\" content=\"Sublimation soins experts\" \/>\n<meta property=\"og:image\" content=\"http:\/\/sublimationsoinsexperts.com\/wp-content\/uploads\/2024\/03\/327.251_2-Charlotte-shampoing-Cocune-Shampoo-Cap.jpg\" \/>\n\t<meta property=\"og:image:width\" content=\"266\" \/>\n\t<meta property=\"og:image:height\" content=\"400\" \/>\n\t<meta property=\"og:image:type\" content=\"image\/jpeg\" \/>\n<meta name=\"twitter:card\" content=\"summary_large_image\" \/>\n<meta name=\"twitter:label1\" content=\"Dur\u00e9e de lecture estim\u00e9e\" \/>\n\t<meta name=\"twitter:data1\" content=\"1 minute\" \/>\n<script type=\"application\/ld+json\" class=\"yoast-schema-graph\">{\"@context\":\"https:\\\/\\\/schema.org\",\"@graph\":[{\"@type\":\"WebPage\",\"@id\":\"https:\\\/\\\/sublimationsoinsexperts.com\\\/index.php\\\/product\\\/charlotte-shampoing-cocune-shampoo-cap\\\/\",\"url\":\"https:\\\/\\\/sublimationsoinsexperts.com\\\/index.php\\\/product\\\/charlotte-shampoing-cocune-shampoo-cap\\\/\",\"name\":\"Charlotte shampoing Cocune Shampoo Cap - Sublimation soins experts\",\"isPartOf\":{\"@id\":\"https:\\\/\\\/sublimationsoinsexperts.com\\\/#website\"},\"primaryImageOfPage\":{\"@id\":\"https:\\\/\\\/sublimationsoinsexperts.com\\\/index.php\\\/product\\\/charlotte-shampoing-cocune-shampoo-cap\\\/#primaryimage\"},\"image\":{\"@id\":\"https:\\\/\\\/sublimationsoinsexperts.com\\\/index.php\\\/product\\\/charlotte-shampoing-cocune-shampoo-cap\\\/#primaryimage\"},\"thumbnailUrl\":\"https:\\\/\\\/sublimationsoinsexperts.com\\\/wp-content\\\/uploads\\\/2024\\\/03\\\/327.251_2-Charlotte-shampoing-Cocune-Shampoo-Cap.jpg\",\"datePublished\":\"2024-03-29T19:35:16+00:00\",\"breadcrumb\":{\"@id\":\"https:\\\/\\\/sublimationsoinsexperts.com\\\/index.php\\\/product\\\/charlotte-shampoing-cocune-shampoo-cap\\\/#breadcrumb\"},\"inLanguage\":\"fr-FR\",\"potentialAction\":[{\"@type\":\"ReadAction\",\"target\":[\"https:\\\/\\\/sublimationsoinsexperts.com\\\/index.php\\\/product\\\/charlotte-shampoing-cocune-shampoo-cap\\\/\"]}]},{\"@type\":\"ImageObject\",\"inLanguage\":\"fr-FR\",\"@id\":\"https:\\\/\\\/sublimationsoinsexperts.com\\\/index.php\\\/product\\\/charlotte-shampoing-cocune-shampoo-cap\\\/#primaryimage\",\"url\":\"https:\\\/\\\/sublimationsoinsexperts.com\\\/wp-content\\\/uploads\\\/2024\\\/03\\\/327.251_2-Charlotte-shampoing-Cocune-Shampoo-Cap.jpg\",\"contentUrl\":\"https:\\\/\\\/sublimationsoinsexperts.com\\\/wp-content\\\/uploads\\\/2024\\\/03\\\/327.251_2-Charlotte-shampoing-Cocune-Shampoo-Cap.jpg\",\"width\":266,\"height\":400},{\"@type\":\"BreadcrumbList\",\"@id\":\"https:\\\/\\\/sublimationsoinsexperts.com\\\/index.php\\\/product\\\/charlotte-shampoing-cocune-shampoo-cap\\\/#breadcrumb\",\"itemListElement\":[{\"@type\":\"ListItem\",\"position\":1,\"name\":\"Accueil\",\"item\":\"https:\\\/\\\/sublimationsoinsexperts.com\\\/\"},{\"@type\":\"ListItem\",\"position\":2,\"name\":\"Shop\",\"item\":\"https:\\\/\\\/sublimationsoinsexperts.com\\\/index.php\\\/shop\\\/\"},{\"@type\":\"ListItem\",\"position\":3,\"name\":\"Charlotte shampoing Cocune Shampoo Cap\"}]},{\"@type\":\"WebSite\",\"@id\":\"https:\\\/\\\/sublimationsoinsexperts.com\\\/#website\",\"url\":\"https:\\\/\\\/sublimationsoinsexperts.com\\\/\",\"name\":\"Sublimation soins experts\",\"description\":\"\",\"potentialAction\":[{\"@type\":\"SearchAction\",\"target\":{\"@type\":\"EntryPoint\",\"urlTemplate\":\"https:\\\/\\\/sublimationsoinsexperts.com\\\/?s={search_term_string}\"},\"query-input\":{\"@type\":\"PropertyValueSpecification\",\"valueRequired\":true,\"valueName\":\"search_term_string\"}}],\"inLanguage\":\"fr-FR\"}]}<\/script>\n<!-- \/ Yoast SEO plugin. -->","yoast_head_json":{"title":"Charlotte shampoing Cocune Shampoo Cap - Sublimation soins experts","robots":{"index":"index","follow":"follow","max-snippet":"max-snippet:-1","max-image-preview":"max-image-preview:large","max-video-preview":"max-video-preview:-1"},"canonical":"https:\/\/sublimationsoinsexperts.com\/index.php\/product\/charlotte-shampoing-cocune-shampoo-cap\/","og_locale":"fr_FR","og_type":"article","og_title":"Charlotte shampoing Cocune Shampoo Cap - Sublimation soins experts","og_description":"Paquet de 1 charlotte \u2022 Les charlottes shampoing Cocune permettent de laver facilement les cheveux des patients, sans d\u00e9sagr\u00e9ments, sans qu\u2019ils aient besoin de quitter leur lit pour certains, ni de se pencher en avant ou en arri\u00e8re pour d\u2019autres. \u2022 Tout est d\u00e9j\u00e0 pr\u00eat, l\u2019int\u00e9rieur de la charlotte est impr\u00e9gn\u00e9 d\u2019un sham\u00adpoing sp\u00e9cial n\u2019ayant [&hellip;]","og_url":"https:\/\/sublimationsoinsexperts.com\/index.php\/product\/charlotte-shampoing-cocune-shampoo-cap\/","og_site_name":"Sublimation soins experts","og_image":[{"width":266,"height":400,"url":"http:\/\/sublimationsoinsexperts.com\/wp-content\/uploads\/2024\/03\/327.251_2-Charlotte-shampoing-Cocune-Shampoo-Cap.jpg","type":"image\/jpeg"}],"twitter_card":"summary_large_image","twitter_misc":{"Dur\u00e9e de lecture estim\u00e9e":"1 minute"},"schema":{"@context":"https:\/\/schema.org","@graph":[{"@type":"WebPage","@id":"https:\/\/sublimationsoinsexperts.com\/index.php\/product\/charlotte-shampoing-cocune-shampoo-cap\/","url":"https:\/\/sublimationsoinsexperts.com\/index.php\/product\/charlotte-shampoing-cocune-shampoo-cap\/","name":"Charlotte shampoing Cocune Shampoo Cap - Sublimation soins experts","isPartOf":{"@id":"https:\/\/sublimationsoinsexperts.com\/#website"},"primaryImageOfPage":{"@id":"https:\/\/sublimationsoinsexperts.com\/index.php\/product\/charlotte-shampoing-cocune-shampoo-cap\/#primaryimage"},"image":{"@id":"https:\/\/sublimationsoinsexperts.com\/index.php\/product\/charlotte-shampoing-cocune-shampoo-cap\/#primaryimage"},"thumbnailUrl":"https:\/\/sublimationsoinsexperts.com\/wp-content\/uploads\/2024\/03\/327.251_2-Charlotte-shampoing-Cocune-Shampoo-Cap.jpg","datePublished":"2024-03-29T19:35:16+00:00","breadcrumb":{"@id":"https:\/\/sublimationsoinsexperts.com\/index.php\/product\/charlotte-shampoing-cocune-shampoo-cap\/#breadcrumb"},"inLanguage":"fr-FR","potentialAction":[{"@type":"ReadAction","target":["https:\/\/sublimationsoinsexperts.com\/index.php\/product\/charlotte-shampoing-cocune-shampoo-cap\/"]}]},{"@type":"ImageObject","inLanguage":"fr-FR","@id":"https:\/\/sublimationsoinsexperts.com\/index.php\/product\/charlotte-shampoing-cocune-shampoo-cap\/#primaryimage","url":"https:\/\/sublimationsoinsexperts.com\/wp-content\/uploads\/2024\/03\/327.251_2-Charlotte-shampoing-Cocune-Shampoo-Cap.jpg","contentUrl":"https:\/\/sublimationsoinsexperts.com\/wp-content\/uploads\/2024\/03\/327.251_2-Charlotte-shampoing-Cocune-Shampoo-Cap.jpg","width":266,"height":400},{"@type":"BreadcrumbList","@id":"https:\/\/sublimationsoinsexperts.com\/index.php\/product\/charlotte-shampoing-cocune-shampoo-cap\/#breadcrumb","itemListElement":[{"@type":"ListItem","position":1,"name":"Accueil","item":"https:\/\/sublimationsoinsexperts.com\/"},{"@type":"ListItem","position":2,"name":"Shop","item":"https:\/\/sublimationsoinsexperts.com\/index.php\/shop\/"},{"@type":"ListItem","position":3,"name":"Charlotte shampoing Cocune Shampoo Cap"}]},{"@type":"WebSite","@id":"https:\/\/sublimationsoinsexperts.com\/#website","url":"https:\/\/sublimationsoinsexperts.com\/","name":"Sublimation soins experts","description":"","potentialAction":[{"@type":"SearchAction","target":{"@type":"EntryPoint","urlTemplate":"https:\/\/sublimationsoinsexperts.com\/?s={search_term_string}"},"query-input":{"@type":"PropertyValueSpecification","valueRequired":true,"valueName":"search_term_string"}}],"inLanguage":"fr-FR"}]}},"_links":{"self":[{"href":"https:\/\/sublimationsoinsexperts.com\/index.php\/wp-json\/wp\/v2\/product\/2827","targetHints":{"allow":["GET"]}}],"collection":[{"href":"https:\/\/sublimationsoinsexperts.com\/index.php\/wp-json\/wp\/v2\/product"}],"about":[{"href":"https:\/\/sublimationsoinsexperts.com\/index.php\/wp-json\/wp\/v2\/types\/product"}],"replies":[{"embeddable":true,"href":"https:\/\/sublimationsoinsexperts.com\/index.php\/wp-json\/wp\/v2\/comments?post=2827"}],"wp:featuredmedia":[{"embeddable":true,"href":"https:\/\/sublimationsoinsexperts.com\/index.php\/wp-json\/wp\/v2\/media\/2828"}],"wp:attachment":[{"href":"https:\/\/sublimationsoinsexperts.com\/index.php\/wp-json\/wp\/v2\/media?parent=2827"}],"wp:term":[{"taxonomy":"product_brand","embeddable":true,"href":"https:\/\/sublimationsoinsexperts.com\/index.php\/wp-json\/wp\/v2\/product_brand?post=2827"},{"taxonomy":"product_cat","embeddable":true,"href":"https:\/\/sublimationsoinsexperts.com\/index.php\/wp-json\/wp\/v2\/product_cat?post=2827"},{"taxonomy":"product_tag","embeddable":true,"href":"https:\/\/sublimationsoinsexperts.com\/index.php\/wp-json\/wp\/v2\/product_tag?post=2827"}],"curies":[{"name":"wp","href":"https:\/\/api.w.org\/{rel}","templated":true}]}}