{"id":3056,"date":"2024-04-16T17:33:21","date_gmt":"2024-04-16T16:33:21","guid":{"rendered":"https:\/\/sublimationsoinsexperts.com\/?post_type=product&#038;p=3056"},"modified":"2024-04-22T17:09:03","modified_gmt":"2024-04-22T16:09:03","slug":"aniosafe-manuclear-npc-hf","status":"publish","type":"product","link":"https:\/\/sublimationsoinsexperts.com\/index.php\/product\/aniosafe-manuclear-npc-hf\/","title":{"rendered":"Aniosafe Manuclear NPC HF"},"content":{"rendered":"<p>&nbsp;<\/p>\n<p>Flacon de 1 Litre<\/p>\n<p>\u2022 Le savon Aniosafe Manuclear NPC HF des laboratoires Anios est recommand\u00e9 pour le lavage simple des mains et la toilette g\u00e9n\u00e9rale en milieu hospitalier, lors d&rsquo;utilisation fr\u00e9quentes.<br \/>\n\u2022 Formul\u00e9 sans arfum ni colorant.<br \/>\n\u2022 Enrichi en glyc\u00e9rine.<br \/>\n\u2022 Caract\u00e9ristiques techniques :<br \/>\n&#8211; Composition : Aqua (Water), Cocamidopropyl Betaine, Glycerin, Sodium C14-17 Sec Alkyl Sulfonate, PEG-200 Hydrogenated Glyceryl Palmate (and) PEG-7 Glyceryl Cocoate, Benzyl Alcohol, Sodium Benzoate, Sodium Chloride, Lactic acid.<br \/>\n&#8211; Propri\u00e9t\u00e9s microbiologiques : R\u00e9sistance \u00e0 la biocontamination, test de recontamination hebdomadaire men\u00e9 pendant 15 semaines (Pseudomonas aeruginosa : CIP 82 118, Staphylococcus aureus : CIP 4 83, Candida albicans : CIP 48 72, Aspergillus niger : ATCC 16404)<\/p>\n<p>&nbsp;<\/p>\n<p>REF GOHY 005.018<\/p>\n","protected":false},"excerpt":{"rendered":"<p>&nbsp; Flacon de 1 Litre \u2022 Le savon Aniosafe Manuclear NPC HF des laboratoires Anios est recommand\u00e9 pour le lavage simple des mains et la toilette g\u00e9n\u00e9rale en milieu hospitalier, lors d&rsquo;utilisation fr\u00e9quentes. \u2022 Formul\u00e9 sans arfum ni colorant. \u2022 Enrichi en glyc\u00e9rine. \u2022 Caract\u00e9ristiques techniques : &#8211; Composition : Aqua (Water), Cocamidopropyl Betaine, Glycerin, [&hellip;]<\/p>\n","protected":false},"featured_media":3057,"comment_status":"open","ping_status":"closed","template":"","meta":[],"product_brand":[],"product_cat":[145,21],"product_tag":[],"class_list":{"0":"post-3056","1":"product","2":"type-product","3":"status-publish","4":"has-post-thumbnail","6":"product_cat-lavage-des-mains","7":"product_cat-protection-du-soignant","9":"first","10":"instock","11":"shipping-taxable","12":"purchasable","13":"product-type-simple"},"yoast_head":"<!-- This site is optimized with the Yoast SEO plugin v27.3 - https:\/\/yoast.com\/product\/yoast-seo-wordpress\/ -->\n<title>Aniosafe Manuclear NPC HF - Sublimation soins experts<\/title>\n<meta name=\"robots\" content=\"index, follow, max-snippet:-1, max-image-preview:large, max-video-preview:-1\" \/>\n<link rel=\"canonical\" href=\"https:\/\/sublimationsoinsexperts.com\/index.php\/product\/aniosafe-manuclear-npc-hf\/\" \/>\n<meta property=\"og:locale\" content=\"fr_FR\" \/>\n<meta property=\"og:type\" content=\"article\" \/>\n<meta property=\"og:title\" content=\"Aniosafe Manuclear NPC HF - Sublimation soins experts\" \/>\n<meta property=\"og:description\" content=\"&nbsp; Flacon de 1 Litre \u2022 Le savon Aniosafe Manuclear NPC HF des laboratoires Anios est recommand\u00e9 pour le lavage simple des mains et la toilette g\u00e9n\u00e9rale en milieu hospitalier, lors d&rsquo;utilisation fr\u00e9quentes. \u2022 Formul\u00e9 sans arfum ni colorant. \u2022 Enrichi en glyc\u00e9rine. \u2022 Caract\u00e9ristiques techniques : &#8211; Composition : Aqua (Water), Cocamidopropyl Betaine, Glycerin, [&hellip;]\" \/>\n<meta property=\"og:url\" content=\"https:\/\/sublimationsoinsexperts.com\/index.php\/product\/aniosafe-manuclear-npc-hf\/\" \/>\n<meta property=\"og:site_name\" content=\"Sublimation soins experts\" \/>\n<meta property=\"article:modified_time\" content=\"2024-04-22T16:09:03+00:00\" \/>\n<meta property=\"og:image\" content=\"http:\/\/sublimationsoinsexperts.com\/wp-content\/uploads\/2024\/04\/005.018_Aniosafe-Manuclear-NPC-HF.jpg\" \/>\n\t<meta property=\"og:image:width\" content=\"142\" \/>\n\t<meta property=\"og:image:height\" content=\"400\" \/>\n\t<meta property=\"og:image:type\" content=\"image\/jpeg\" \/>\n<meta name=\"twitter:card\" content=\"summary_large_image\" \/>\n<meta name=\"twitter:label1\" content=\"Dur\u00e9e de lecture estim\u00e9e\" \/>\n\t<meta name=\"twitter:data1\" content=\"1 minute\" \/>\n<script type=\"application\/ld+json\" class=\"yoast-schema-graph\">{\"@context\":\"https:\\\/\\\/schema.org\",\"@graph\":[{\"@type\":\"WebPage\",\"@id\":\"https:\\\/\\\/sublimationsoinsexperts.com\\\/index.php\\\/product\\\/aniosafe-manuclear-npc-hf\\\/\",\"url\":\"https:\\\/\\\/sublimationsoinsexperts.com\\\/index.php\\\/product\\\/aniosafe-manuclear-npc-hf\\\/\",\"name\":\"Aniosafe Manuclear NPC HF - Sublimation soins experts\",\"isPartOf\":{\"@id\":\"https:\\\/\\\/sublimationsoinsexperts.com\\\/#website\"},\"primaryImageOfPage\":{\"@id\":\"https:\\\/\\\/sublimationsoinsexperts.com\\\/index.php\\\/product\\\/aniosafe-manuclear-npc-hf\\\/#primaryimage\"},\"image\":{\"@id\":\"https:\\\/\\\/sublimationsoinsexperts.com\\\/index.php\\\/product\\\/aniosafe-manuclear-npc-hf\\\/#primaryimage\"},\"thumbnailUrl\":\"https:\\\/\\\/sublimationsoinsexperts.com\\\/wp-content\\\/uploads\\\/2024\\\/04\\\/005.018_Aniosafe-Manuclear-NPC-HF.jpg\",\"datePublished\":\"2024-04-16T16:33:21+00:00\",\"dateModified\":\"2024-04-22T16:09:03+00:00\",\"breadcrumb\":{\"@id\":\"https:\\\/\\\/sublimationsoinsexperts.com\\\/index.php\\\/product\\\/aniosafe-manuclear-npc-hf\\\/#breadcrumb\"},\"inLanguage\":\"fr-FR\",\"potentialAction\":[{\"@type\":\"ReadAction\",\"target\":[\"https:\\\/\\\/sublimationsoinsexperts.com\\\/index.php\\\/product\\\/aniosafe-manuclear-npc-hf\\\/\"]}]},{\"@type\":\"ImageObject\",\"inLanguage\":\"fr-FR\",\"@id\":\"https:\\\/\\\/sublimationsoinsexperts.com\\\/index.php\\\/product\\\/aniosafe-manuclear-npc-hf\\\/#primaryimage\",\"url\":\"https:\\\/\\\/sublimationsoinsexperts.com\\\/wp-content\\\/uploads\\\/2024\\\/04\\\/005.018_Aniosafe-Manuclear-NPC-HF.jpg\",\"contentUrl\":\"https:\\\/\\\/sublimationsoinsexperts.com\\\/wp-content\\\/uploads\\\/2024\\\/04\\\/005.018_Aniosafe-Manuclear-NPC-HF.jpg\",\"width\":142,\"height\":400},{\"@type\":\"BreadcrumbList\",\"@id\":\"https:\\\/\\\/sublimationsoinsexperts.com\\\/index.php\\\/product\\\/aniosafe-manuclear-npc-hf\\\/#breadcrumb\",\"itemListElement\":[{\"@type\":\"ListItem\",\"position\":1,\"name\":\"Accueil\",\"item\":\"https:\\\/\\\/sublimationsoinsexperts.com\\\/\"},{\"@type\":\"ListItem\",\"position\":2,\"name\":\"Shop\",\"item\":\"https:\\\/\\\/sublimationsoinsexperts.com\\\/index.php\\\/shop\\\/\"},{\"@type\":\"ListItem\",\"position\":3,\"name\":\"Aniosafe Manuclear NPC HF\"}]},{\"@type\":\"WebSite\",\"@id\":\"https:\\\/\\\/sublimationsoinsexperts.com\\\/#website\",\"url\":\"https:\\\/\\\/sublimationsoinsexperts.com\\\/\",\"name\":\"Sublimation soins experts\",\"description\":\"\",\"potentialAction\":[{\"@type\":\"SearchAction\",\"target\":{\"@type\":\"EntryPoint\",\"urlTemplate\":\"https:\\\/\\\/sublimationsoinsexperts.com\\\/?s={search_term_string}\"},\"query-input\":{\"@type\":\"PropertyValueSpecification\",\"valueRequired\":true,\"valueName\":\"search_term_string\"}}],\"inLanguage\":\"fr-FR\"}]}<\/script>\n<!-- \/ Yoast SEO plugin. -->","yoast_head_json":{"title":"Aniosafe Manuclear NPC HF - Sublimation soins experts","robots":{"index":"index","follow":"follow","max-snippet":"max-snippet:-1","max-image-preview":"max-image-preview:large","max-video-preview":"max-video-preview:-1"},"canonical":"https:\/\/sublimationsoinsexperts.com\/index.php\/product\/aniosafe-manuclear-npc-hf\/","og_locale":"fr_FR","og_type":"article","og_title":"Aniosafe Manuclear NPC HF - Sublimation soins experts","og_description":"&nbsp; Flacon de 1 Litre \u2022 Le savon Aniosafe Manuclear NPC HF des laboratoires Anios est recommand\u00e9 pour le lavage simple des mains et la toilette g\u00e9n\u00e9rale en milieu hospitalier, lors d&rsquo;utilisation fr\u00e9quentes. \u2022 Formul\u00e9 sans arfum ni colorant. \u2022 Enrichi en glyc\u00e9rine. \u2022 Caract\u00e9ristiques techniques : &#8211; Composition : Aqua (Water), Cocamidopropyl Betaine, Glycerin, [&hellip;]","og_url":"https:\/\/sublimationsoinsexperts.com\/index.php\/product\/aniosafe-manuclear-npc-hf\/","og_site_name":"Sublimation soins experts","article_modified_time":"2024-04-22T16:09:03+00:00","og_image":[{"width":142,"height":400,"url":"http:\/\/sublimationsoinsexperts.com\/wp-content\/uploads\/2024\/04\/005.018_Aniosafe-Manuclear-NPC-HF.jpg","type":"image\/jpeg"}],"twitter_card":"summary_large_image","twitter_misc":{"Dur\u00e9e de lecture estim\u00e9e":"1 minute"},"schema":{"@context":"https:\/\/schema.org","@graph":[{"@type":"WebPage","@id":"https:\/\/sublimationsoinsexperts.com\/index.php\/product\/aniosafe-manuclear-npc-hf\/","url":"https:\/\/sublimationsoinsexperts.com\/index.php\/product\/aniosafe-manuclear-npc-hf\/","name":"Aniosafe Manuclear NPC HF - Sublimation soins experts","isPartOf":{"@id":"https:\/\/sublimationsoinsexperts.com\/#website"},"primaryImageOfPage":{"@id":"https:\/\/sublimationsoinsexperts.com\/index.php\/product\/aniosafe-manuclear-npc-hf\/#primaryimage"},"image":{"@id":"https:\/\/sublimationsoinsexperts.com\/index.php\/product\/aniosafe-manuclear-npc-hf\/#primaryimage"},"thumbnailUrl":"https:\/\/sublimationsoinsexperts.com\/wp-content\/uploads\/2024\/04\/005.018_Aniosafe-Manuclear-NPC-HF.jpg","datePublished":"2024-04-16T16:33:21+00:00","dateModified":"2024-04-22T16:09:03+00:00","breadcrumb":{"@id":"https:\/\/sublimationsoinsexperts.com\/index.php\/product\/aniosafe-manuclear-npc-hf\/#breadcrumb"},"inLanguage":"fr-FR","potentialAction":[{"@type":"ReadAction","target":["https:\/\/sublimationsoinsexperts.com\/index.php\/product\/aniosafe-manuclear-npc-hf\/"]}]},{"@type":"ImageObject","inLanguage":"fr-FR","@id":"https:\/\/sublimationsoinsexperts.com\/index.php\/product\/aniosafe-manuclear-npc-hf\/#primaryimage","url":"https:\/\/sublimationsoinsexperts.com\/wp-content\/uploads\/2024\/04\/005.018_Aniosafe-Manuclear-NPC-HF.jpg","contentUrl":"https:\/\/sublimationsoinsexperts.com\/wp-content\/uploads\/2024\/04\/005.018_Aniosafe-Manuclear-NPC-HF.jpg","width":142,"height":400},{"@type":"BreadcrumbList","@id":"https:\/\/sublimationsoinsexperts.com\/index.php\/product\/aniosafe-manuclear-npc-hf\/#breadcrumb","itemListElement":[{"@type":"ListItem","position":1,"name":"Accueil","item":"https:\/\/sublimationsoinsexperts.com\/"},{"@type":"ListItem","position":2,"name":"Shop","item":"https:\/\/sublimationsoinsexperts.com\/index.php\/shop\/"},{"@type":"ListItem","position":3,"name":"Aniosafe Manuclear NPC HF"}]},{"@type":"WebSite","@id":"https:\/\/sublimationsoinsexperts.com\/#website","url":"https:\/\/sublimationsoinsexperts.com\/","name":"Sublimation soins experts","description":"","potentialAction":[{"@type":"SearchAction","target":{"@type":"EntryPoint","urlTemplate":"https:\/\/sublimationsoinsexperts.com\/?s={search_term_string}"},"query-input":{"@type":"PropertyValueSpecification","valueRequired":true,"valueName":"search_term_string"}}],"inLanguage":"fr-FR"}]}},"_links":{"self":[{"href":"https:\/\/sublimationsoinsexperts.com\/index.php\/wp-json\/wp\/v2\/product\/3056","targetHints":{"allow":["GET"]}}],"collection":[{"href":"https:\/\/sublimationsoinsexperts.com\/index.php\/wp-json\/wp\/v2\/product"}],"about":[{"href":"https:\/\/sublimationsoinsexperts.com\/index.php\/wp-json\/wp\/v2\/types\/product"}],"replies":[{"embeddable":true,"href":"https:\/\/sublimationsoinsexperts.com\/index.php\/wp-json\/wp\/v2\/comments?post=3056"}],"wp:featuredmedia":[{"embeddable":true,"href":"https:\/\/sublimationsoinsexperts.com\/index.php\/wp-json\/wp\/v2\/media\/3057"}],"wp:attachment":[{"href":"https:\/\/sublimationsoinsexperts.com\/index.php\/wp-json\/wp\/v2\/media?parent=3056"}],"wp:term":[{"taxonomy":"product_brand","embeddable":true,"href":"https:\/\/sublimationsoinsexperts.com\/index.php\/wp-json\/wp\/v2\/product_brand?post=3056"},{"taxonomy":"product_cat","embeddable":true,"href":"https:\/\/sublimationsoinsexperts.com\/index.php\/wp-json\/wp\/v2\/product_cat?post=3056"},{"taxonomy":"product_tag","embeddable":true,"href":"https:\/\/sublimationsoinsexperts.com\/index.php\/wp-json\/wp\/v2\/product_tag?post=3056"}],"curies":[{"name":"wp","href":"https:\/\/api.w.org\/{rel}","templated":true}]}}