{"id":3122,"date":"2024-04-17T23:14:33","date_gmt":"2024-04-17T22:14:33","guid":{"rendered":"https:\/\/sublimationsoinsexperts.com\/?post_type=product&#038;p=3122"},"modified":"2024-04-22T17:02:28","modified_gmt":"2024-04-22T16:02:28","slug":"klinifix-bande-cohesive","status":"publish","type":"product","link":"https:\/\/sublimationsoinsexperts.com\/index.php\/product\/klinifix-bande-cohesive\/","title":{"rendered":"Klinifix bande Cohesive"},"content":{"rendered":"<p>Le bandage de fixation coh\u00e9sif Klinifix est un bandage autoadh\u00e9sif particuli\u00e8rement adapt\u00e9 \u00e0 la fixation d\u2019enveloppes, d\u2019attelles et de syst\u00e8mes de perfusion sur des parties du corps en mouvement ou arrondies.<br \/>\n\u2022 Fait de 40% coton, 30% viscose et 30% polyamide.<br \/>\n\u2022 Autocollant, le mat\u00e9riau ne colle pas \u00e0 la peau, aux cheveux et aux v\u00eatements.<br \/>\n\u2022 L\u2019auto-adh\u00e9rence assure une fixation rapide et facile et \u00e9conomise le mat\u00e9riel de fixation.<br \/>\n\u2022 L\u2019\u00e9lasticit\u00e9 et l\u2019adh\u00e9rence garantissent que le tissu reste en place m\u00eame apr\u00e8s un port prolong\u00e9.<br \/>\n\u2022 Non st\u00e9rile.<\/p>\n<p>&nbsp;<\/p>\n<p>&nbsp;<\/p>\n<p>&nbsp;<\/p>\n","protected":false},"excerpt":{"rendered":"<p>Le bandage de fixation coh\u00e9sif Klinifix est un bandage autoadh\u00e9sif particuli\u00e8rement adapt\u00e9 \u00e0 la fixation d\u2019enveloppes, d\u2019attelles et de syst\u00e8mes de perfusion sur des parties du corps en mouvement ou arrondies. \u2022 Fait de 40% coton, 30% viscose et 30% polyamide. \u2022 Autocollant, le mat\u00e9riau ne colle pas \u00e0 la peau, aux cheveux et aux [&hellip;]<\/p>\n","protected":false},"featured_media":3079,"comment_status":"open","ping_status":"closed","template":"","meta":[],"product_brand":[],"product_cat":[152,151,40,17],"product_tag":[],"class_list":{"0":"post-3122","1":"product","2":"type-product","3":"status-publish","4":"has-post-thumbnail","6":"product_cat-bandage-cohesif","7":"product_cat-bandages","8":"product_cat-gestion-de-la-plaie","9":"product_cat-soin","11":"first","12":"instock","13":"shipping-taxable","14":"purchasable","15":"product-type-variable"},"yoast_head":"<!-- This site is optimized with the Yoast SEO plugin v27.3 - https:\/\/yoast.com\/product\/yoast-seo-wordpress\/ -->\n<title>Klinifix bande Cohesive - Sublimation soins experts<\/title>\n<meta name=\"robots\" content=\"index, follow, max-snippet:-1, max-image-preview:large, max-video-preview:-1\" \/>\n<link rel=\"canonical\" href=\"https:\/\/sublimationsoinsexperts.com\/index.php\/product\/klinifix-bande-cohesive\/\" \/>\n<meta property=\"og:locale\" content=\"fr_FR\" \/>\n<meta property=\"og:type\" content=\"article\" \/>\n<meta property=\"og:title\" content=\"Klinifix bande Cohesive - Sublimation soins experts\" \/>\n<meta property=\"og:description\" content=\"Le bandage de fixation coh\u00e9sif Klinifix est un bandage autoadh\u00e9sif particuli\u00e8rement adapt\u00e9 \u00e0 la fixation d\u2019enveloppes, d\u2019attelles et de syst\u00e8mes de perfusion sur des parties du corps en mouvement ou arrondies. \u2022 Fait de 40% coton, 30% viscose et 30% polyamide. \u2022 Autocollant, le mat\u00e9riau ne colle pas \u00e0 la peau, aux cheveux et aux [&hellip;]\" \/>\n<meta property=\"og:url\" content=\"https:\/\/sublimationsoinsexperts.com\/index.php\/product\/klinifix-bande-cohesive\/\" \/>\n<meta property=\"og:site_name\" content=\"Sublimation soins experts\" \/>\n<meta property=\"article:modified_time\" content=\"2024-04-22T16:02:28+00:00\" \/>\n<meta property=\"og:image\" content=\"http:\/\/sublimationsoinsexperts.com\/wp-content\/uploads\/2024\/04\/S522.253_bandage-cohesif.jpg\" \/>\n\t<meta property=\"og:image:width\" content=\"400\" \/>\n\t<meta property=\"og:image:height\" content=\"400\" \/>\n\t<meta property=\"og:image:type\" content=\"image\/jpeg\" \/>\n<meta name=\"twitter:card\" content=\"summary_large_image\" \/>\n<meta name=\"twitter:label1\" content=\"Dur\u00e9e de lecture estim\u00e9e\" \/>\n\t<meta name=\"twitter:data1\" content=\"1 minute\" \/>\n<script type=\"application\/ld+json\" class=\"yoast-schema-graph\">{\"@context\":\"https:\\\/\\\/schema.org\",\"@graph\":[{\"@type\":\"WebPage\",\"@id\":\"https:\\\/\\\/sublimationsoinsexperts.com\\\/index.php\\\/product\\\/klinifix-bande-cohesive\\\/\",\"url\":\"https:\\\/\\\/sublimationsoinsexperts.com\\\/index.php\\\/product\\\/klinifix-bande-cohesive\\\/\",\"name\":\"Klinifix bande Cohesive - Sublimation soins experts\",\"isPartOf\":{\"@id\":\"https:\\\/\\\/sublimationsoinsexperts.com\\\/#website\"},\"primaryImageOfPage\":{\"@id\":\"https:\\\/\\\/sublimationsoinsexperts.com\\\/index.php\\\/product\\\/klinifix-bande-cohesive\\\/#primaryimage\"},\"image\":{\"@id\":\"https:\\\/\\\/sublimationsoinsexperts.com\\\/index.php\\\/product\\\/klinifix-bande-cohesive\\\/#primaryimage\"},\"thumbnailUrl\":\"https:\\\/\\\/sublimationsoinsexperts.com\\\/wp-content\\\/uploads\\\/2024\\\/04\\\/S522.253_bandage-cohesif.jpg\",\"datePublished\":\"2024-04-17T22:14:33+00:00\",\"dateModified\":\"2024-04-22T16:02:28+00:00\",\"breadcrumb\":{\"@id\":\"https:\\\/\\\/sublimationsoinsexperts.com\\\/index.php\\\/product\\\/klinifix-bande-cohesive\\\/#breadcrumb\"},\"inLanguage\":\"fr-FR\",\"potentialAction\":[{\"@type\":\"ReadAction\",\"target\":[\"https:\\\/\\\/sublimationsoinsexperts.com\\\/index.php\\\/product\\\/klinifix-bande-cohesive\\\/\"]}]},{\"@type\":\"ImageObject\",\"inLanguage\":\"fr-FR\",\"@id\":\"https:\\\/\\\/sublimationsoinsexperts.com\\\/index.php\\\/product\\\/klinifix-bande-cohesive\\\/#primaryimage\",\"url\":\"https:\\\/\\\/sublimationsoinsexperts.com\\\/wp-content\\\/uploads\\\/2024\\\/04\\\/S522.253_bandage-cohesif.jpg\",\"contentUrl\":\"https:\\\/\\\/sublimationsoinsexperts.com\\\/wp-content\\\/uploads\\\/2024\\\/04\\\/S522.253_bandage-cohesif.jpg\",\"width\":400,\"height\":400},{\"@type\":\"BreadcrumbList\",\"@id\":\"https:\\\/\\\/sublimationsoinsexperts.com\\\/index.php\\\/product\\\/klinifix-bande-cohesive\\\/#breadcrumb\",\"itemListElement\":[{\"@type\":\"ListItem\",\"position\":1,\"name\":\"Accueil\",\"item\":\"https:\\\/\\\/sublimationsoinsexperts.com\\\/\"},{\"@type\":\"ListItem\",\"position\":2,\"name\":\"Shop\",\"item\":\"https:\\\/\\\/sublimationsoinsexperts.com\\\/index.php\\\/shop\\\/\"},{\"@type\":\"ListItem\",\"position\":3,\"name\":\"Klinifix bande Cohesive\"}]},{\"@type\":\"WebSite\",\"@id\":\"https:\\\/\\\/sublimationsoinsexperts.com\\\/#website\",\"url\":\"https:\\\/\\\/sublimationsoinsexperts.com\\\/\",\"name\":\"Sublimation soins experts\",\"description\":\"\",\"potentialAction\":[{\"@type\":\"SearchAction\",\"target\":{\"@type\":\"EntryPoint\",\"urlTemplate\":\"https:\\\/\\\/sublimationsoinsexperts.com\\\/?s={search_term_string}\"},\"query-input\":{\"@type\":\"PropertyValueSpecification\",\"valueRequired\":true,\"valueName\":\"search_term_string\"}}],\"inLanguage\":\"fr-FR\"}]}<\/script>\n<!-- \/ Yoast SEO plugin. -->","yoast_head_json":{"title":"Klinifix bande Cohesive - Sublimation soins experts","robots":{"index":"index","follow":"follow","max-snippet":"max-snippet:-1","max-image-preview":"max-image-preview:large","max-video-preview":"max-video-preview:-1"},"canonical":"https:\/\/sublimationsoinsexperts.com\/index.php\/product\/klinifix-bande-cohesive\/","og_locale":"fr_FR","og_type":"article","og_title":"Klinifix bande Cohesive - Sublimation soins experts","og_description":"Le bandage de fixation coh\u00e9sif Klinifix est un bandage autoadh\u00e9sif particuli\u00e8rement adapt\u00e9 \u00e0 la fixation d\u2019enveloppes, d\u2019attelles et de syst\u00e8mes de perfusion sur des parties du corps en mouvement ou arrondies. \u2022 Fait de 40% coton, 30% viscose et 30% polyamide. \u2022 Autocollant, le mat\u00e9riau ne colle pas \u00e0 la peau, aux cheveux et aux [&hellip;]","og_url":"https:\/\/sublimationsoinsexperts.com\/index.php\/product\/klinifix-bande-cohesive\/","og_site_name":"Sublimation soins experts","article_modified_time":"2024-04-22T16:02:28+00:00","og_image":[{"width":400,"height":400,"url":"http:\/\/sublimationsoinsexperts.com\/wp-content\/uploads\/2024\/04\/S522.253_bandage-cohesif.jpg","type":"image\/jpeg"}],"twitter_card":"summary_large_image","twitter_misc":{"Dur\u00e9e de lecture estim\u00e9e":"1 minute"},"schema":{"@context":"https:\/\/schema.org","@graph":[{"@type":"WebPage","@id":"https:\/\/sublimationsoinsexperts.com\/index.php\/product\/klinifix-bande-cohesive\/","url":"https:\/\/sublimationsoinsexperts.com\/index.php\/product\/klinifix-bande-cohesive\/","name":"Klinifix bande Cohesive - Sublimation soins experts","isPartOf":{"@id":"https:\/\/sublimationsoinsexperts.com\/#website"},"primaryImageOfPage":{"@id":"https:\/\/sublimationsoinsexperts.com\/index.php\/product\/klinifix-bande-cohesive\/#primaryimage"},"image":{"@id":"https:\/\/sublimationsoinsexperts.com\/index.php\/product\/klinifix-bande-cohesive\/#primaryimage"},"thumbnailUrl":"https:\/\/sublimationsoinsexperts.com\/wp-content\/uploads\/2024\/04\/S522.253_bandage-cohesif.jpg","datePublished":"2024-04-17T22:14:33+00:00","dateModified":"2024-04-22T16:02:28+00:00","breadcrumb":{"@id":"https:\/\/sublimationsoinsexperts.com\/index.php\/product\/klinifix-bande-cohesive\/#breadcrumb"},"inLanguage":"fr-FR","potentialAction":[{"@type":"ReadAction","target":["https:\/\/sublimationsoinsexperts.com\/index.php\/product\/klinifix-bande-cohesive\/"]}]},{"@type":"ImageObject","inLanguage":"fr-FR","@id":"https:\/\/sublimationsoinsexperts.com\/index.php\/product\/klinifix-bande-cohesive\/#primaryimage","url":"https:\/\/sublimationsoinsexperts.com\/wp-content\/uploads\/2024\/04\/S522.253_bandage-cohesif.jpg","contentUrl":"https:\/\/sublimationsoinsexperts.com\/wp-content\/uploads\/2024\/04\/S522.253_bandage-cohesif.jpg","width":400,"height":400},{"@type":"BreadcrumbList","@id":"https:\/\/sublimationsoinsexperts.com\/index.php\/product\/klinifix-bande-cohesive\/#breadcrumb","itemListElement":[{"@type":"ListItem","position":1,"name":"Accueil","item":"https:\/\/sublimationsoinsexperts.com\/"},{"@type":"ListItem","position":2,"name":"Shop","item":"https:\/\/sublimationsoinsexperts.com\/index.php\/shop\/"},{"@type":"ListItem","position":3,"name":"Klinifix bande Cohesive"}]},{"@type":"WebSite","@id":"https:\/\/sublimationsoinsexperts.com\/#website","url":"https:\/\/sublimationsoinsexperts.com\/","name":"Sublimation soins experts","description":"","potentialAction":[{"@type":"SearchAction","target":{"@type":"EntryPoint","urlTemplate":"https:\/\/sublimationsoinsexperts.com\/?s={search_term_string}"},"query-input":{"@type":"PropertyValueSpecification","valueRequired":true,"valueName":"search_term_string"}}],"inLanguage":"fr-FR"}]}},"_links":{"self":[{"href":"https:\/\/sublimationsoinsexperts.com\/index.php\/wp-json\/wp\/v2\/product\/3122","targetHints":{"allow":["GET"]}}],"collection":[{"href":"https:\/\/sublimationsoinsexperts.com\/index.php\/wp-json\/wp\/v2\/product"}],"about":[{"href":"https:\/\/sublimationsoinsexperts.com\/index.php\/wp-json\/wp\/v2\/types\/product"}],"replies":[{"embeddable":true,"href":"https:\/\/sublimationsoinsexperts.com\/index.php\/wp-json\/wp\/v2\/comments?post=3122"}],"wp:featuredmedia":[{"embeddable":true,"href":"https:\/\/sublimationsoinsexperts.com\/index.php\/wp-json\/wp\/v2\/media\/3079"}],"wp:attachment":[{"href":"https:\/\/sublimationsoinsexperts.com\/index.php\/wp-json\/wp\/v2\/media?parent=3122"}],"wp:term":[{"taxonomy":"product_brand","embeddable":true,"href":"https:\/\/sublimationsoinsexperts.com\/index.php\/wp-json\/wp\/v2\/product_brand?post=3122"},{"taxonomy":"product_cat","embeddable":true,"href":"https:\/\/sublimationsoinsexperts.com\/index.php\/wp-json\/wp\/v2\/product_cat?post=3122"},{"taxonomy":"product_tag","embeddable":true,"href":"https:\/\/sublimationsoinsexperts.com\/index.php\/wp-json\/wp\/v2\/product_tag?post=3122"}],"curies":[{"name":"wp","href":"https:\/\/api.w.org\/{rel}","templated":true}]}}