{"id":3304,"date":"2024-05-15T23:59:37","date_gmt":"2024-05-15T22:59:37","guid":{"rendered":"https:\/\/sublimationsoinsexperts.com\/?post_type=product&#038;p=3304"},"modified":"2025-04-15T08:57:26","modified_gmt":"2025-04-15T07:57:26","slug":"ceinture-lombaire-simple-orthopedic-8000","status":"publish","type":"product","link":"https:\/\/sublimationsoinsexperts.com\/index.php\/product\/ceinture-lombaire-simple-orthopedic-8000\/","title":{"rendered":"Ceinture lombaire simple \u2013 Orthopedic 8000"},"content":{"rendered":"<p>\u2022 Une orth\u00e8se qui sert de support pour le dos permet d&rsquo;\u00e9pouser parfaitement l&rsquo;anatomie, recommand\u00e9e pour une r\u00e9\u00e9ducation tout en favorisant la stabilit\u00e9 et la r\u00e9duction de la fatigue.<br \/>\n\u2022 Utilisation en cas de :<br \/>\n&#8211; Lombalgie<br \/>\n&#8211; Arthrose lombaire<br \/>\n&#8211; Douleurs musculaires<br \/>\n\u2022 Mat\u00e9riaux:<br \/>\n&#8211; Tissu \u00e9lastique et a\u00e9r\u00e9 en microfibre avec 4 ressorts dorsaux<br \/>\n&#8211; Fixation par micro-velcro<br \/>\n&#8211; syst\u00e8me de rappel postural<\/p>\n","protected":false},"excerpt":{"rendered":"<p>\u2022 Une orth\u00e8se qui sert de support pour le dos permet d&rsquo;\u00e9pouser parfaitement l&rsquo;anatomie, recommand\u00e9e pour une r\u00e9\u00e9ducation tout en favorisant la stabilit\u00e9 et la r\u00e9duction de la fatigue. \u2022 Utilisation en cas de : &#8211; Lombalgie &#8211; Arthrose lombaire &#8211; Douleurs musculaires \u2022 Mat\u00e9riaux: &#8211; Tissu \u00e9lastique et a\u00e9r\u00e9 en microfibre avec 4 ressorts [&hellip;]<\/p>\n","protected":false},"featured_media":3305,"comment_status":"open","ping_status":"closed","template":"","meta":[],"product_brand":[],"product_cat":[124,111],"product_tag":[],"class_list":{"0":"post-3304","1":"product","2":"type-product","3":"status-publish","4":"has-post-thumbnail","6":"product_cat-ceinture-lombaire","7":"product_cat-orthopedie","9":"first","10":"instock","11":"shipping-taxable","12":"purchasable","13":"product-type-variable"},"yoast_head":"<!-- This site is optimized with the Yoast SEO plugin v27.4 - https:\/\/yoast.com\/product\/yoast-seo-wordpress\/ -->\n<title>Ceinture lombaire simple \u2013 Orthopedic 8000 - Sublimation soins experts<\/title>\n<meta name=\"robots\" content=\"index, follow, max-snippet:-1, max-image-preview:large, max-video-preview:-1\" \/>\n<link rel=\"canonical\" href=\"https:\/\/sublimationsoinsexperts.com\/index.php\/product\/ceinture-lombaire-simple-orthopedic-8000\/\" \/>\n<meta property=\"og:locale\" content=\"fr_FR\" \/>\n<meta property=\"og:type\" content=\"article\" \/>\n<meta property=\"og:title\" content=\"Ceinture lombaire simple \u2013 Orthopedic 8000 - Sublimation soins experts\" \/>\n<meta property=\"og:description\" content=\"\u2022 Une orth\u00e8se qui sert de support pour le dos permet d&rsquo;\u00e9pouser parfaitement l&rsquo;anatomie, recommand\u00e9e pour une r\u00e9\u00e9ducation tout en favorisant la stabilit\u00e9 et la r\u00e9duction de la fatigue. \u2022 Utilisation en cas de : &#8211; Lombalgie &#8211; Arthrose lombaire &#8211; Douleurs musculaires \u2022 Mat\u00e9riaux: &#8211; Tissu \u00e9lastique et a\u00e9r\u00e9 en microfibre avec 4 ressorts [&hellip;]\" \/>\n<meta property=\"og:url\" content=\"https:\/\/sublimationsoinsexperts.com\/index.php\/product\/ceinture-lombaire-simple-orthopedic-8000\/\" \/>\n<meta property=\"og:site_name\" content=\"Sublimation soins experts\" \/>\n<meta property=\"article:modified_time\" content=\"2025-04-15T07:57:26+00:00\" \/>\n<meta property=\"og:image\" content=\"http:\/\/sublimationsoinsexperts.com\/wp-content\/uploads\/2024\/05\/O112.100_Ceinture-lombaire-simple-Orthopedic-8000.jpg\" \/>\n\t<meta property=\"og:image:width\" content=\"199\" \/>\n\t<meta property=\"og:image:height\" content=\"400\" \/>\n\t<meta property=\"og:image:type\" content=\"image\/jpeg\" \/>\n<meta name=\"twitter:card\" content=\"summary_large_image\" \/>\n<meta name=\"twitter:label1\" content=\"Dur\u00e9e de lecture estim\u00e9e\" \/>\n\t<meta name=\"twitter:data1\" content=\"1 minute\" \/>\n<script type=\"application\/ld+json\" class=\"yoast-schema-graph\">{\"@context\":\"https:\\\/\\\/schema.org\",\"@graph\":[{\"@type\":\"WebPage\",\"@id\":\"https:\\\/\\\/sublimationsoinsexperts.com\\\/index.php\\\/product\\\/ceinture-lombaire-simple-orthopedic-8000\\\/\",\"url\":\"https:\\\/\\\/sublimationsoinsexperts.com\\\/index.php\\\/product\\\/ceinture-lombaire-simple-orthopedic-8000\\\/\",\"name\":\"Ceinture lombaire simple \u2013 Orthopedic 8000 - Sublimation soins experts\",\"isPartOf\":{\"@id\":\"https:\\\/\\\/sublimationsoinsexperts.com\\\/#website\"},\"primaryImageOfPage\":{\"@id\":\"https:\\\/\\\/sublimationsoinsexperts.com\\\/index.php\\\/product\\\/ceinture-lombaire-simple-orthopedic-8000\\\/#primaryimage\"},\"image\":{\"@id\":\"https:\\\/\\\/sublimationsoinsexperts.com\\\/index.php\\\/product\\\/ceinture-lombaire-simple-orthopedic-8000\\\/#primaryimage\"},\"thumbnailUrl\":\"https:\\\/\\\/sublimationsoinsexperts.com\\\/wp-content\\\/uploads\\\/2024\\\/05\\\/O112.100_Ceinture-lombaire-simple-Orthopedic-8000.jpg\",\"datePublished\":\"2024-05-15T22:59:37+00:00\",\"dateModified\":\"2025-04-15T07:57:26+00:00\",\"breadcrumb\":{\"@id\":\"https:\\\/\\\/sublimationsoinsexperts.com\\\/index.php\\\/product\\\/ceinture-lombaire-simple-orthopedic-8000\\\/#breadcrumb\"},\"inLanguage\":\"fr-FR\",\"potentialAction\":[{\"@type\":\"ReadAction\",\"target\":[\"https:\\\/\\\/sublimationsoinsexperts.com\\\/index.php\\\/product\\\/ceinture-lombaire-simple-orthopedic-8000\\\/\"]}]},{\"@type\":\"ImageObject\",\"inLanguage\":\"fr-FR\",\"@id\":\"https:\\\/\\\/sublimationsoinsexperts.com\\\/index.php\\\/product\\\/ceinture-lombaire-simple-orthopedic-8000\\\/#primaryimage\",\"url\":\"https:\\\/\\\/sublimationsoinsexperts.com\\\/wp-content\\\/uploads\\\/2024\\\/05\\\/O112.100_Ceinture-lombaire-simple-Orthopedic-8000.jpg\",\"contentUrl\":\"https:\\\/\\\/sublimationsoinsexperts.com\\\/wp-content\\\/uploads\\\/2024\\\/05\\\/O112.100_Ceinture-lombaire-simple-Orthopedic-8000.jpg\",\"width\":199,\"height\":400},{\"@type\":\"BreadcrumbList\",\"@id\":\"https:\\\/\\\/sublimationsoinsexperts.com\\\/index.php\\\/product\\\/ceinture-lombaire-simple-orthopedic-8000\\\/#breadcrumb\",\"itemListElement\":[{\"@type\":\"ListItem\",\"position\":1,\"name\":\"Accueil\",\"item\":\"https:\\\/\\\/sublimationsoinsexperts.com\\\/\"},{\"@type\":\"ListItem\",\"position\":2,\"name\":\"Shop\",\"item\":\"https:\\\/\\\/sublimationsoinsexperts.com\\\/index.php\\\/shop\\\/\"},{\"@type\":\"ListItem\",\"position\":3,\"name\":\"Ceinture lombaire simple \u2013 Orthopedic 8000\"}]},{\"@type\":\"WebSite\",\"@id\":\"https:\\\/\\\/sublimationsoinsexperts.com\\\/#website\",\"url\":\"https:\\\/\\\/sublimationsoinsexperts.com\\\/\",\"name\":\"Sublimation soins experts\",\"description\":\"\",\"potentialAction\":[{\"@type\":\"SearchAction\",\"target\":{\"@type\":\"EntryPoint\",\"urlTemplate\":\"https:\\\/\\\/sublimationsoinsexperts.com\\\/?s={search_term_string}\"},\"query-input\":{\"@type\":\"PropertyValueSpecification\",\"valueRequired\":true,\"valueName\":\"search_term_string\"}}],\"inLanguage\":\"fr-FR\"}]}<\/script>\n<!-- \/ Yoast SEO plugin. -->","yoast_head_json":{"title":"Ceinture lombaire simple \u2013 Orthopedic 8000 - Sublimation soins experts","robots":{"index":"index","follow":"follow","max-snippet":"max-snippet:-1","max-image-preview":"max-image-preview:large","max-video-preview":"max-video-preview:-1"},"canonical":"https:\/\/sublimationsoinsexperts.com\/index.php\/product\/ceinture-lombaire-simple-orthopedic-8000\/","og_locale":"fr_FR","og_type":"article","og_title":"Ceinture lombaire simple \u2013 Orthopedic 8000 - Sublimation soins experts","og_description":"\u2022 Une orth\u00e8se qui sert de support pour le dos permet d&rsquo;\u00e9pouser parfaitement l&rsquo;anatomie, recommand\u00e9e pour une r\u00e9\u00e9ducation tout en favorisant la stabilit\u00e9 et la r\u00e9duction de la fatigue. \u2022 Utilisation en cas de : &#8211; Lombalgie &#8211; Arthrose lombaire &#8211; Douleurs musculaires \u2022 Mat\u00e9riaux: &#8211; Tissu \u00e9lastique et a\u00e9r\u00e9 en microfibre avec 4 ressorts [&hellip;]","og_url":"https:\/\/sublimationsoinsexperts.com\/index.php\/product\/ceinture-lombaire-simple-orthopedic-8000\/","og_site_name":"Sublimation soins experts","article_modified_time":"2025-04-15T07:57:26+00:00","og_image":[{"width":199,"height":400,"url":"http:\/\/sublimationsoinsexperts.com\/wp-content\/uploads\/2024\/05\/O112.100_Ceinture-lombaire-simple-Orthopedic-8000.jpg","type":"image\/jpeg"}],"twitter_card":"summary_large_image","twitter_misc":{"Dur\u00e9e de lecture estim\u00e9e":"1 minute"},"schema":{"@context":"https:\/\/schema.org","@graph":[{"@type":"WebPage","@id":"https:\/\/sublimationsoinsexperts.com\/index.php\/product\/ceinture-lombaire-simple-orthopedic-8000\/","url":"https:\/\/sublimationsoinsexperts.com\/index.php\/product\/ceinture-lombaire-simple-orthopedic-8000\/","name":"Ceinture lombaire simple \u2013 Orthopedic 8000 - Sublimation soins experts","isPartOf":{"@id":"https:\/\/sublimationsoinsexperts.com\/#website"},"primaryImageOfPage":{"@id":"https:\/\/sublimationsoinsexperts.com\/index.php\/product\/ceinture-lombaire-simple-orthopedic-8000\/#primaryimage"},"image":{"@id":"https:\/\/sublimationsoinsexperts.com\/index.php\/product\/ceinture-lombaire-simple-orthopedic-8000\/#primaryimage"},"thumbnailUrl":"https:\/\/sublimationsoinsexperts.com\/wp-content\/uploads\/2024\/05\/O112.100_Ceinture-lombaire-simple-Orthopedic-8000.jpg","datePublished":"2024-05-15T22:59:37+00:00","dateModified":"2025-04-15T07:57:26+00:00","breadcrumb":{"@id":"https:\/\/sublimationsoinsexperts.com\/index.php\/product\/ceinture-lombaire-simple-orthopedic-8000\/#breadcrumb"},"inLanguage":"fr-FR","potentialAction":[{"@type":"ReadAction","target":["https:\/\/sublimationsoinsexperts.com\/index.php\/product\/ceinture-lombaire-simple-orthopedic-8000\/"]}]},{"@type":"ImageObject","inLanguage":"fr-FR","@id":"https:\/\/sublimationsoinsexperts.com\/index.php\/product\/ceinture-lombaire-simple-orthopedic-8000\/#primaryimage","url":"https:\/\/sublimationsoinsexperts.com\/wp-content\/uploads\/2024\/05\/O112.100_Ceinture-lombaire-simple-Orthopedic-8000.jpg","contentUrl":"https:\/\/sublimationsoinsexperts.com\/wp-content\/uploads\/2024\/05\/O112.100_Ceinture-lombaire-simple-Orthopedic-8000.jpg","width":199,"height":400},{"@type":"BreadcrumbList","@id":"https:\/\/sublimationsoinsexperts.com\/index.php\/product\/ceinture-lombaire-simple-orthopedic-8000\/#breadcrumb","itemListElement":[{"@type":"ListItem","position":1,"name":"Accueil","item":"https:\/\/sublimationsoinsexperts.com\/"},{"@type":"ListItem","position":2,"name":"Shop","item":"https:\/\/sublimationsoinsexperts.com\/index.php\/shop\/"},{"@type":"ListItem","position":3,"name":"Ceinture lombaire simple \u2013 Orthopedic 8000"}]},{"@type":"WebSite","@id":"https:\/\/sublimationsoinsexperts.com\/#website","url":"https:\/\/sublimationsoinsexperts.com\/","name":"Sublimation soins experts","description":"","potentialAction":[{"@type":"SearchAction","target":{"@type":"EntryPoint","urlTemplate":"https:\/\/sublimationsoinsexperts.com\/?s={search_term_string}"},"query-input":{"@type":"PropertyValueSpecification","valueRequired":true,"valueName":"search_term_string"}}],"inLanguage":"fr-FR"}]}},"_links":{"self":[{"href":"https:\/\/sublimationsoinsexperts.com\/index.php\/wp-json\/wp\/v2\/product\/3304","targetHints":{"allow":["GET"]}}],"collection":[{"href":"https:\/\/sublimationsoinsexperts.com\/index.php\/wp-json\/wp\/v2\/product"}],"about":[{"href":"https:\/\/sublimationsoinsexperts.com\/index.php\/wp-json\/wp\/v2\/types\/product"}],"replies":[{"embeddable":true,"href":"https:\/\/sublimationsoinsexperts.com\/index.php\/wp-json\/wp\/v2\/comments?post=3304"}],"wp:featuredmedia":[{"embeddable":true,"href":"https:\/\/sublimationsoinsexperts.com\/index.php\/wp-json\/wp\/v2\/media\/3305"}],"wp:attachment":[{"href":"https:\/\/sublimationsoinsexperts.com\/index.php\/wp-json\/wp\/v2\/media?parent=3304"}],"wp:term":[{"taxonomy":"product_brand","embeddable":true,"href":"https:\/\/sublimationsoinsexperts.com\/index.php\/wp-json\/wp\/v2\/product_brand?post=3304"},{"taxonomy":"product_cat","embeddable":true,"href":"https:\/\/sublimationsoinsexperts.com\/index.php\/wp-json\/wp\/v2\/product_cat?post=3304"},{"taxonomy":"product_tag","embeddable":true,"href":"https:\/\/sublimationsoinsexperts.com\/index.php\/wp-json\/wp\/v2\/product_tag?post=3304"}],"curies":[{"name":"wp","href":"https:\/\/api.w.org\/{rel}","templated":true}]}}